# ************************************************************
# Sequel Ace SQL dump
# Версия 20062
#
# https://sequel-ace.com/
# https://github.com/Sequel-Ace/Sequel-Ace
#
# Хост: 45.146.165.124 (MySQL 8.0.36-0ubuntu0.22.04.1)
# База данных: main
# Время формирования: 2024-03-20 09:46:11 +0000
# ************************************************************




# Дамп таблицы clients
# ------------------------------------------------------------


CREATE TABLE `clients` (
  `id` int NOT NULL AUTO_INCREMENT,
  `chat_id` bigint DEFAULT NULL,
  `nickname` varchar(255) DEFAULT NULL,
  `action` int DEFAULT NULL,
  `tmp` varchar(255) DEFAULT NULL,
  `listener` int DEFAULT NULL,
  `connect` varchar(100) DEFAULT NULL,
  PRIMARY KEY (`id`)
) ENGINE=InnoDB DEFAULT CHARSET=utf8mb3;


INSERT INTO `clients` (`id`, `chat_id`, `nickname`, `action`, `tmp`, `listener`, `connect`)
VALUES
	(37,6576173555,'Vladimir_proxorov',0,'',NULL,'1bd0618d375e772935cb470e587710ef'),
	(41,6981309030,'kondrashovaa1979',0,'',NULL,'7ef7c2bf9815e1f515af0b421c60fcf0'),
	(42,6488597235,'romochka92',NULL,NULL,NULL,'9678b3879a7da3ef240f0fa031771a9a'),
	(45,6732490168,'Aigul_ahmetova',NULL,NULL,NULL,'26bc05169504e9613c565788aaed4b19'),
	(46,6751737301,'panteleikin1985',NULL,NULL,NULL,'4114d4330183185cc0b152792087de27'),
	(48,6412727873,'Elena_evdokimiva',NULL,NULL,NULL,'fa1e86cf4798c3d17d3569c00ff71341'),
	(49,6970016854,'Muhmad95reg',NULL,NULL,NULL,'ddcbbeba4c5cdb11d06f1ddd11f1c15f'),
	(52,6803996853,'vipttadmin',NULL,NULL,NULL,'29a6e314c223831ed4d45a348426fe7c'),
	(60,6812986708,'VIP_NOT_OWNER',NULL,NULL,NULL,'ab8cd61a26851a9cde2d3101d204d581'),
	(64,6616716083,'VIP_AHMED111',NULL,NULL,NULL,'414a84c5b43444f8b82bce81ad23be6c'),
	(65,6779408591,'VIP_Lena1',NULL,NULL,NULL,'20af080bb1bf38544e50286d96c15e50'),
	(70,6501357210,'VIP_ILONA11',NULL,NULL,NULL,'be191502b43212c36bc55f13fa4a3f47'),
	(71,6761234812,'VIP_VIKTOR1',NULL,NULL,NULL,'b5259bc391a67793f956a05ea9bb5235'),
	(72,6423649178,'VIP_ANTONINA1',NULL,NULL,NULL,'2d4879863def953a3f3362336fdd10c1'),
	(73,6930186257,'VIP_VLAD1',NULL,NULL,NULL,'e567d80cf56286264b18602faa61aefd'),
	(74,6899823119,'VIP_OLGA1',NULL,NULL,NULL,'dbbabb22803969c28f9ba556c787eaf1');



# Дамп таблицы commands
# ------------------------------------------------------------


CREATE TABLE `commands` (
  `id` int NOT NULL AUTO_INCREMENT,
  `author_id` int NOT NULL,
  `title` varchar(50) NOT NULL,
  `f` text,
  `t` text,
  `status` int DEFAULT NULL,
  PRIMARY KEY (`id`),
  KEY `idx-commands-author_id` (`author_id`),
  CONSTRAINT `fk-commands-author_id` FOREIGN KEY (`author_id`) REFERENCES `clients` (`id`) ON DELETE CASCADE
) ENGINE=InnoDB DEFAULT CHARSET=utf8mb4 COLLATE=utf8mb4_0900_ai_ci;


# Дамп таблицы migration
# ------------------------------------------------------------


CREATE TABLE `migration` (
  `version` varchar(180) NOT NULL,
  `apply_time` int DEFAULT NULL,
  PRIMARY KEY (`version`)
) ENGINE=InnoDB DEFAULT CHARSET=utf8mb3;


INSERT INTO `migration` (`version`, `apply_time`)
VALUES
	('m000000_000000_base',1676468409),
	('m210513_150639_create_configs_table',1676469226),
	('m210513_172714_create_messages_table',1676469266),
	('m210513_173956_create_clients_table',1676469291),
	('m210519_223758_create_pages_table',1676469226),
	('m210524_214756_create_bots_table',1676469226),
	('m210705_004807_create_user_table',1676469188),
	('m230305_123243_create_commands_table',1678019598);



# Дамп таблицы tasks
# ------------------------------------------------------------


CREATE TABLE `tasks` (
  `id` int NOT NULL AUTO_INCREMENT,
  `client_id` int NOT NULL,
  `timezone` varchar(255) COLLATE utf8mb4_unicode_ci DEFAULT NULL,
  `date` date DEFAULT NULL,
  `status` int DEFAULT NULL,
  `chats` text CHARACTER SET utf8mb4 COLLATE utf8mb4_unicode_ci,
  PRIMARY KEY (`id`),
  KEY `idx-tasks-client_id` (`client_id`),
  CONSTRAINT `fk-tasks-client_id` FOREIGN KEY (`client_id`) REFERENCES `clients` (`id`) ON DELETE CASCADE
) ENGINE=InnoDB DEFAULT CHARSET=utf8mb4 COLLATE=utf8mb4_unicode_ci;


INSERT INTO `tasks` (`id`, `client_id`, `timezone`, `date`, `status`, `chats`)
VALUES
	(511,49,'Asia/Bangkok','2024-03-20',1,'https://t.me/+_HR9oEKQu3RiOTIy'),
	(512,49,'Asia/Bangkok','2024-03-20',1,'https://t.me/+_HR9oEKQu3RiOTIy');



# Дамп таблицы tasks_message
# ------------------------------------------------------------


CREATE TABLE `tasks_message` (
  `id` int NOT NULL AUTO_INCREMENT,
  `task_id` int NOT NULL,
  `time` datetime DEFAULT NULL,
  `status` int DEFAULT NULL,
  `text` text CHARACTER SET utf8mb4 COLLATE utf8mb4_unicode_ci,
  `file` varchar(255) CHARACTER SET utf8mb4 COLLATE utf8mb4_0900_ai_ci NOT NULL,
  `timezone` varchar(255) CHARACTER SET utf8mb4 COLLATE utf8mb4_0900_ai_ci DEFAULT NULL,
  PRIMARY KEY (`id`),
  KEY `idx-tasks_message-task_id` (`task_id`),
  CONSTRAINT `fk-tasks_message-task_id` FOREIGN KEY (`task_id`) REFERENCES `tasks` (`id`) ON DELETE CASCADE
) ENGINE=InnoDB DEFAULT CHARSET=utf8mb4 COLLATE=utf8mb4_0900_ai_ci;


INSERT INTO `tasks_message` (`id`, `task_id`, `time`, `status`, `text`, `file`, `timezone`)
VALUES
	(6326,511,'2024-03-19 16:21:00',2,'Привет','','Asia/Bangkok'),
	(6327,512,'2024-03-19 17:28:00',1,'Приветик','','Asia/Bangkok');



# Дамп таблицы templates
# ------------------------------------------------------------


CREATE TABLE `templates` (
  `id` int NOT NULL AUTO_INCREMENT,
  `client_id` int NOT NULL,
  `title` varchar(255) CHARACTER SET utf8mb4 COLLATE utf8mb4_unicode_ci DEFAULT NULL,
  `content` text CHARACTER SET utf8mb4 COLLATE utf8mb4_unicode_ci,
  PRIMARY KEY (`id`),
  KEY `idx-templates-client_id` (`client_id`),
  CONSTRAINT `fk-templates-client_id` FOREIGN KEY (`client_id`) REFERENCES `clients` (`id`) ON DELETE CASCADE
) ENGINE=InnoDB DEFAULT CHARSET=utf8mb3;


INSERT INTO `templates` (`id`, `client_id`, `title`, `content`)
VALUES
	(8,52,'Первый Утренний чат начало в 10:01','a:17:{i:0;a:3:{s:4:\"text\";s:1051:\"Доброе утро всем! Мы снова на работе, вы готовы? Спасибо каждому за участие🌹🌹🌹\r\nВы можете работать не полный рабочий день с нашей командой в свободное время, чтобы получать заработную плату.\r\nНаше ежедневное время раздачи заданий с 10:00 утра до 19:00.  Сегодня мы начинаем нашу первую работу на не полный рабочий день. \r\nРабота на не полный рабочий день состоит из нескольких небольших задач. Я Веду эту группу на сегодняшнее задание, назначенное торговцами, меня зовут Евгения. Сегодняшнее задание будет выпущено примерно в 10:15 по Москве, так что пожалуйста подождите немного. \";s:4:\"file\";s:0:\"\";s:4:\"time\";s:5:\"10:01\";}i:1;a:3:{s:4:\"text\";s:463:\"В связи с ограниченным количеством рабочих заданий, распределяемых продавцами, каждая группа рассчитана максимум на 8 участников. Рабочие задания начнутся через 5 -10 минут, поэтому будьте готовы! Отправьте в группе (1), и я посчитаю количество участников!\";s:4:\"file\";s:0:\"\";s:4:\"time\";s:5:\"10:03\";}i:2;a:3:{s:4:\"text\";s:728:\"Сегодняшнее задача - помочь продавцу увеличить количество лайков, просмотров и заказов на его продукцию. Сегодняшнее объявление предназначено для комбинации задач, одна задача содержит несколько более мелких задач. Продавец будет платить один раз за каждую выполненную комбинацию задач. Вознаграждение за работу составляет от 500р до 5200 рублей, чем больше работы вы делаете, тем больше вам платят.\";s:4:\"file\";s:0:\"\";s:4:\"time\";s:5:\"10:12\";}i:3;a:3:{s:4:\"text\";s:284:\"Сегодня начинается первое задание. Это задачи, содержащие несколько более мелких задач, и продавец заплатит вам один раз за каждую выполненную комбинацию.\";s:4:\"file\";s:0:\"\";s:4:\"time\";s:5:\"10:13\";}i:4;a:3:{s:4:\"text\";s:573:\"[Комплексное задание 1]\r\nЗадача 1\r\nВознаграждение: 65 рублей\r\nВремя начала: 10:15\r\nВремя завершения: 10:20\r\nПомочь товарам продавцов увеличить количество просмотров и лайков на товаре. Нажмите на ссылку ниже, чтобы принять участие. Сделайте скриншот и отправьте его в группу.\r\nhttps://kazanexpress.ru/product/smartfon-tecno-spark-10-pro-8256-2211811?skuId=6524063\";s:4:\"file\";s:0:\"\";s:4:\"time\";s:5:\"10:15\";}i:5;a:3:{s:4:\"text\";s:59:\"Следующее задание начнётся в 10:25\";s:4:\"file\";s:0:\"\";s:4:\"time\";s:5:\"10:21\";}i:6;a:3:{s:4:\"text\";s:594:\"[Комплексное задание 1]\r\nЗадача 2\r\nПомочь товарам продавцов увеличить количество лайков и просмотров.\r\nВремя начала выполнение задания: 10:25\r\nВремя окончания: 10:30\r\nВознаграждение за задание: 65 рублей.\r\nНажмите на ссылку ниже, чтобы принять участие. Сделайте скриншот и отправьте его в группу.\r\nhttps://kazanexpress.ru/product/muzhskie-krossovki-dyshaschie-2142692\";s:4:\"file\";s:0:\"\";s:4:\"time\";s:5:\"10:25\";}i:7;a:3:{s:4:\"text\";s:647:\"[Комплексное задание 1]\r\nЗадача 3\r\nПомочь увеличить количество просмотров и лайков на товары продавца.\r\nВремя начала выполнение задания: 10:30\r\nВремя окончания: 10:35\r\nВознаграждение за задание: 65 рублей.\r\nНажмите на ссылку ниже, чтобы принять участие, помогите продавцу. Сделайте скриншот и отправьте его в группу.\r\nhttps://kazanexpress.ru/product/bizibord-tri-kota-uchim-cifry-2232189?erid=2VtzqvABbt7\";s:4:\"file\";s:0:\"\";s:4:\"time\";s:5:\"10:30\";}i:8;a:3:{s:4:\"text\";s:656:\"[Комплексное задание 1]\r\nЗадача 4\r\nПомочь продавцам увеличить количество просмотров и лайков на их товары.\r\nВремя начала выполнение задания: 10:35\r\nВремя окончания: 10:40\r\nВознаграждение за задание: 65 рублей.\r\nНажмите на ссылку ниже, чтобы принять участие, помогите продавцу. Поставьте лайк, сделайте скриншот и отправьте его в группу.\r\nhttps://kazanexpress.ru/product/smesitel-dlya-vanny-2228593\";s:4:\"file\";s:0:\"\";s:4:\"time\";s:5:\"10:35\";}i:9;a:3:{s:4:\"text\";s:2385:\"[Комплексное задание 1]\r\n(Выплата заработной платы начинается после завершения задания)\r\nЗадача 5\r\nПомогите продавцам увеличить количество заказов на их товары.\r\nВремя начала выполнение задания: 10:40 \r\nВремя окончания: 11:40\r\nШаг 1: Выберите одну из задач заказа\r\nШаг 2: Обратитесь к своему бизнес-менеджеру\r\nШаг 3: Отправьте скриншот пополнения вашего счёта в группу и я подсчитаю их, чтобы торговец мог проверить счёт.\r\n\r\nПосле выполнения этого задания ваша зарплата будет выплачена вместе с вышесказанными 4 заданиями.\r\n\r\nЗаказ 1 Выкуп товара 570 рублей\r\nВаша прибыль 684 рублей\r\n\r\nЗаказ 2 Выкуп товара 1390 рублей\r\nВаша прибыль 1 668 рублей\r\n\r\nЗаказ 3 Выкуп товара 2 280 рублей\r\nВаша прибыль 2 736 рублей\r\n\r\nЗаказ 4 Выкуп товара 5 280 рублей\r\nВаша прибыль 6 336 рублей\r\n\r\nЗаказ 5 Выкуп товара 9 960 рублей\r\nВаша прибыль 11 952 рублей\r\n\r\nЗаказ 6 Выкуп товара 16 740 рублей\r\nВаша прибыль 20 088 рублей\r\n\r\nЗаказ 7 Выкуп товара 19 770 рублей\r\nВаша прибыль 23 724 рублей\r\n\r\nЗаказ 8 Выкуп товара 24 850 рублей\r\nВаша прибыль 29 820 рублей\r\n\r\nЗа это задание по выкупу можно получить комиссионные в размере 20%-25%. Чем выше цена, тем лучше вознагрождение. Вы можете выбрать номер заказа из предложенных выше вариантов, найти своего менеджера по приёму и получить оплату на свою банковскую карту по завершению! Человек который пригласил вас в группу, является вашим менеджером по приёму.\";s:4:\"file\";s:0:\"\";s:4:\"time\";s:5:\"10:40\";}i:10;a:3:{s:4:\"text\";s:984:\"Вы будете получать зарплату за каждую выполненную вами работу на неполный рабочий день. Если вам не заплатят за выполненную  работу, наша компания возместит вам ущерб в полном объёме!\r\n\r\nПосле выбора номера заказа, пожалуйста свяжитесь с вашим бизнес-менеджером для завершения процесса выкупа. Это задание будет оплачено вместе с вышеуказанным заданием «Любовь» после его выполнения.\r\n\r\nЕсли вы завершили оплату, пожалуйста сделайте скриншот вашего счёта и отправьте его в группу, продавец проверит ваш счёт и рассчитает для вас зарплату.\";s:4:\"file\";s:0:\"\";s:4:\"time\";s:5:\"10:44\";}i:11;a:3:{s:4:\"text\";s:732:\"Как только оплата будет произведена, пожалуйста сделайте скриншот и поделитесь им в группе, и продавец рассчитает оплату для вас. Продавец выплатит всю заработную плату за данную комбинацию заданий после завершения задания.\r\n\r\nЗадача этой миссии по выкупу - помочь продавцу приобрести товар. После успешной покупки торговый центр забирает купленный вами товар, а вам выплачивает 20%-25% от суммы товара!\";s:4:\"file\";s:0:\"\";s:4:\"time\";s:5:\"10:53\";}i:12;a:3:{s:4:\"text\";s:87:\"Поздравляю вас всех и продолжайте в том же духе.\";s:4:\"file\";s:0:\"\";s:4:\"time\";s:5:\"11:21\";}i:13;a:3:{s:4:\"text\";s:456:\"Дневные задания начнутся сегодня в 12:02 дня по Москве. \r\nТе, кто ещё не завершил работу по выкупу, могут связаться с менеджером, пригласившим вас в группу. Когда работа по выкупу будет завершена, продавец переведёт всю зарплату на вашу банковскую карту!\";s:4:\"file\";s:0:\"\";s:4:\"time\";s:5:\"11:38\";}i:14;a:3:{s:4:\"text\";s:243:\"Утренняя работа подходит к концу. Примерно через 20-30 минут вас здесь будут ждать новые задания, ожидайте уведомления и будьте готовы.\";s:4:\"file\";s:0:\"\";s:4:\"time\";s:5:\"11:39\";}i:15;a:3:{s:4:\"text\";s:137:\"Владимир, новые задания будут сегодня - время напишу немного позже сегодня.\";s:4:\"file\";s:0:\"\";s:4:\"time\";s:5:\"11:08\";}i:16;a:3:{s:4:\"text\";s:418:\"Как только продавец произведёт выплату, пожалуйста сделайте скриншот и поделитесь им в группе, и продавец рассчитает оплату для вас. Продавец выплатит всю заработную плату за данную комбинацию заданий после завершения задания.\";s:4:\"file\";s:0:\"\";s:4:\"time\";s:5:\"11:14\";}}'),
	(9,52,'День 2 начинается в 10:02','a:19:{i:0;a:3:{s:4:\"text\";s:728:\"Доброе утро всем!\r\n\r\nВы вчера отлично справились с заданиями!\r\nБлагодарим каждого за участие 🌹🌹🌹\r\nВы можете работать не полный рабочий день с нашей командой в свободное время, чтобы получать заработную плату. Наше ежедневное время раздачи заданий с 10:00 утра до 19:00. Сегодня мы начинаем вторую работу на не полный рабочий день.\r\nРабота на не полный рабочий день состоит из нескольких небольших задач.\";s:4:\"file\";s:0:\"\";s:4:\"time\";s:5:\"10:02\";}i:1;a:3:{s:4:\"text\";s:421:\"Я Веду эту группу на сегодняшнее задание, назначенное торговцами, меня зовут Евгения. Сегодняшнее задание будет выпущено в 10:20 по Москве, так что пожалуйста подождите немного.  Отправьте в группе  [1], и я посчитаю кол-во участников.\";s:4:\"file\";s:0:\"\";s:4:\"time\";s:5:\"10:04\";}i:2;a:3:{s:4:\"text\";s:754:\"Сегодняшнее задача - помочь торговцу увеличить количество лайков, просмотров и заказов на его продукцию. Сегодняшнее объявление предназначено для комбинации задач, одна задача содержит несколько более мелких задач. Продавец будет платить один раз за каждую выполненную комбинацию задач из 5 заданий. Вознаграждение за работу составляет от 1 000р до 15 000 рублей, чем больше работы вы делаете, тем больше вам платят.\";s:4:\"file\";s:0:\"\";s:4:\"time\";s:5:\"10:12\";}i:3;a:3:{s:4:\"text\";s:284:\"Сегодня начинается первое задание. Это задачи, содержащие несколько более мелких задач, и продавец заплатит вам один раз за каждую выполненную комбинацию.\";s:4:\"file\";s:0:\"\";s:4:\"time\";s:5:\"10:13\";}i:4;a:3:{s:4:\"text\";s:562:\"[Комбинированное задание 1]\r\nЗадача 1\r\nВознаграждение: 68 рублей\r\nВремя начала: 10:20\r\nВремя завершения: 10:25\r\nПомочь товарам продавцов увеличить количество просмотров и лайков на товары. Нажмите на ссылку ниже, чтобы принять участие. Сделайте скриншот и отправьте его в группу.\r\nhttps://kazanexpress.ru/product/darts-dvustoronnij-43-sm--17-760535\";s:4:\"file\";s:0:\"\";s:4:\"time\";s:5:\"10:20\";}i:5;a:3:{s:4:\"text\";s:59:\"Следующее задание начнётся в 10:30\";s:4:\"file\";s:0:\"\";s:4:\"time\";s:5:\"10:26\";}i:6;a:3:{s:4:\"text\";s:634:\"[Комбинированное задание 1]\r\nЗадача 2\r\nПомочь товарам продавцов увеличить количество просмотров и лайков на товары.\r\nВремя начала выполнение задания: 10:30\r\nВремя окончания: 10:35\r\nВознаграждение за задание: 68 рублей.\r\nНажмите на ссылку ниже, чтобы принять участие. Сделайте скриншот и отправьте его в группу.\r\nhttps://kazanexpress.ru/product/kij-bilyardnyj-derevyannyj-razbornyj-160-sm-1036806\";s:4:\"file\";s:0:\"\";s:4:\"time\";s:5:\"10:30\";}i:7;a:3:{s:4:\"text\";s:707:\"[Комбинированное задание 1]\r\nЗадача 3\r\nПомочь увеличить количество просмотров и лайков на товары продавца.\r\nВремя начала выполнение задания: 10:35\r\nВремя окончания: 10:40\r\nВознаграждение за задание: 68 рублей.\r\nНажмите на ссылку ниже, чтобы принять участие, помогите продавцу увеличить активность. Сделайте скриншот, поставьте лайк и отправьте его в группу.\r\nhttps://kazanexpress.ru/product/umnyj-perkussionnyj-massazher-2278485\";s:4:\"file\";s:0:\"\";s:4:\"time\";s:5:\"10:35\";}i:8;a:3:{s:4:\"text\";s:711:\"[Комбинированное задание 1]\r\nЗадача 4\r\nПомочь продавцам увеличить количество просмотров и лайков на их товары.\r\nВремя начала выполнение задания: 10:40\r\nВремя окончания: 10:45\r\nВознаграждение за задание: 68 рублей.\r\nНажмите на ссылку ниже, чтобы принять участие, помогите продавцу увеличить активность. Сделайте скриншот, поставьте лайк и отправьте его в группу.\r\nhttps://kazanexpress.ru/product/massazher-yunmai-ymfg-m352-1602866\";s:4:\"file\";s:0:\"\";s:4:\"time\";s:5:\"10:40\";}i:9;a:3:{s:4:\"text\";s:2070:\"[Комплексное задание 1]\r\n[Выплата заработной платы начинается после завершения задания]\r\nЗадача 5\r\nПомогите продавцам увеличить количество заказов на их товары.\r\nВремя начала выполнение задания: 10:45\r\nВремя окончания: 11:55\r\nШаг 1: Выберите одну из задач заказа\r\nШаг 2: Обратитесь к своему бизнес-менеджеру\r\nШаг 3: Отправьте скриншот пополнения вашего счёта в группу и я подсчитаю их, чтобы торговец мог проверить счёт.\r\n\r\nСистема случайным образом назначит 1-3 заказа на это задание, не бросайте его на середине, иначе вам не заплатят.\r\n\r\nПосле выполнения этого задания ваша зарплата будет выплачена вместе с вышесказанными 4 заданиями.\r\n\r\nЗаказ 1 Выкуп товара 1050 рублей\r\nВаша прибыль 1260 рублей\r\n\r\nЗаказ 2 Выкуп товара 1690 рублей\r\nВаша прибыль 2028 рублей\r\n\r\nЗаказ 3 Выкуп товара 2 890 рублей\r\nВаша прибыль 3 468 рублей\r\n\r\nЗаказ 4 Выкуп товара 5 280 рублей\r\nВаша прибыль 6 336 рублей\r\n\r\nЗаказ 5 Выкуп товара 9 960 рублей\r\nВаша прибыль 11 952 рублей\r\n\r\nЗаказ 6 Выкуп товара 16 740 рублей\r\nВаша прибыль 20 088 рублей\r\n\r\nЗаказ 7 Выкуп товара 19 770 рублей\r\nВаша прибыль 23 724 рублей\r\n\r\nЗаказ 8 Выкуп товара 24 850 рублей\r\nВаша прибыль 29 820 рублей\r\n\r\nЗаказ 9 Выкуп товара 33 850 рублей\r\nВаша прибыль 40 620 рублей \";s:4:\"file\";s:0:\"\";s:4:\"time\";s:5:\"10:45\";}i:10;a:3:{s:4:\"text\";s:622:\"За это задание по выкупу можно получить комиссионные в размере 20%-25%. Чем выше цена, тем лучше вознагрождение. Вы можете выбрать номер заказа из предложенных выше вариантов, найти своего менеджера по приёму и получить оплату на свою банковскую карту по завершению! Человек который пригласил вас в группу, является вашим менеджером по приёму.\";s:4:\"file\";s:0:\"\";s:4:\"time\";s:5:\"10:46\";}i:11;a:3:{s:4:\"text\";s:335:\"Вы будете получать зарплату за каждую выполненную вами работу на неполный рабочий день. Если вам не заплатят за выполненную  работу, наша компания возместит вам ущерб в полном объёме!\";s:4:\"file\";s:0:\"\";s:4:\"time\";s:5:\"10:47\";}i:12;a:3:{s:4:\"text\";s:370:\"После выбора номера заказа, пожалуйста свяжитесь с вашим бизнес-менеджером для завершения процесса выкупа. Это задание будет оплачено вместе с вышеуказанным заданием «просмотры» после его выполнения.\";s:4:\"file\";s:0:\"\";s:4:\"time\";s:5:\"10:47\";}i:13;a:3:{s:4:\"text\";s:412:\"Как только оплата будет произведена, пожалуйста сделайте скриншот и поделитесь им в группе, и продавец рассчитает оплату для вас. Продавец выплатит всю заработную плату за данную комбинацию заданий после завершения задания.\";s:4:\"file\";s:0:\"\";s:4:\"time\";s:5:\"10:48\";}i:14;a:3:{s:4:\"text\";s:277:\"Если вы завершили оплату, пожалуйста сделайте скриншот вашего счёта и отправьте его в группу, продавец проверит ваш счёт и рассчитает для вас зарплату.\";s:4:\"file\";s:0:\"\";s:4:\"time\";s:5:\"10:49\";}i:15;a:3:{s:4:\"text\";s:316:\"Задача этой миссии по выкупу - помочь продавцу приобрести товар. После успешной покупки торговый центр забирает купленный вами товар, а вам выплачивает 20%-25% от суммы товара!\";s:4:\"file\";s:0:\"\";s:4:\"time\";s:5:\"10:50\";}i:16;a:3:{s:4:\"text\";s:87:\"Поздравляю вас всех и продолжайте в том же духе.\";s:4:\"file\";s:0:\"\";s:4:\"time\";s:5:\"11:16\";}i:17;a:3:{s:4:\"text\";s:357:\"Те, кто ещё не завершил работу по выкупу, могут связаться с менеджером, пригласившим вас в группу. Когда работа по выкупу будет завершена, продавец переведёт всю зарплату на вашу банковскую карту!\";s:4:\"file\";s:0:\"\";s:4:\"time\";s:5:\"11:24\";}i:18;a:3:{s:4:\"text\";s:521:\"Утреннее задания подходят к концу, все кто завершил задания, получил свои выплаты в полном объеме. Сегодня также есть для вас дневные задания, которые начнутся в 13:00 по Москве в VIP чате. Ссылку для добавления в VIP чат, пришлёт ваш бизнес менеджер. Вы сможете заработать от 3000 до 50 000 рублей.\";s:4:\"file\";s:0:\"\";s:4:\"time\";s:5:\"11:27\";}}'),
	(11,37,'День 2 начинается в 10:02','a:9:{i:0;a:3:{s:4:\"text\";s:1:\"1\";s:4:\"file\";s:0:\"\";s:4:\"time\";s:5:\"10:05\";}i:1;a:3:{s:4:\"text\";s:0:\"\";s:4:\"file\";s:20:\"50865d09d713727b.png\";s:4:\"time\";s:5:\"10:22\";}i:2;a:3:{s:4:\"text\";s:0:\"\";s:4:\"file\";s:20:\"88765d09d7137805.png\";s:4:\"time\";s:5:\"10:33\";}i:3;a:3:{s:4:\"text\";s:0:\"\";s:4:\"file\";s:20:\"50265d09d7137b16.png\";s:4:\"time\";s:5:\"10:37\";}i:4;a:3:{s:4:\"text\";s:0:\"\";s:4:\"file\";s:20:\"79965c7b2e5117fd.png\";s:4:\"time\";s:5:\"10:42\";}i:5;a:3:{s:4:\"text\";s:1:\"5\";s:4:\"file\";s:0:\"\";s:4:\"time\";s:5:\"10:47\";}i:6;a:3:{s:4:\"text\";s:14:\"Перевёл\";s:4:\"file\";s:20:\"67565c7b2e511926.png\";s:4:\"time\";s:5:\"10:52\";}i:7;a:3:{s:4:\"text\";s:34:\"Получил зп спасибо\";s:4:\"file\";s:20:\"68065c7b2e511a8a.png\";s:4:\"time\";s:5:\"11:03\";}i:8;a:3:{s:4:\"text\";s:27:\"Ожидаю задание\";s:4:\"file\";s:0:\"\";s:4:\"time\";s:5:\"10:28\";}}'),
	(12,41,'Первый Утренний чат начало в 10:01','a:8:{i:0;a:3:{s:4:\"text\";s:1:\"1\";s:4:\"file\";s:0:\"\";s:4:\"time\";s:5:\"10:04\";}i:1;a:3:{s:4:\"text\";s:0:\"\";s:4:\"file\";s:20:\"54865df8aa8b8904.jpg\";s:4:\"time\";s:5:\"10:17\";}i:2;a:3:{s:4:\"text\";s:0:\"\";s:4:\"file\";s:20:\"47665df8aa8b8a16.jpg\";s:4:\"time\";s:5:\"10:29\";}i:3;a:3:{s:4:\"text\";s:0:\"\";s:4:\"file\";s:20:\"61265df8aa8b8a93.jpg\";s:4:\"time\";s:5:\"10:31\";}i:4;a:3:{s:4:\"text\";s:0:\"\";s:4:\"file\";s:20:\"55465df8aa8b8ae6.jpg\";s:4:\"time\";s:5:\"10:39\";}i:5;a:3:{s:4:\"text\";s:25:\"выбираю шесть\";s:4:\"file\";s:0:\"\";s:4:\"time\";s:5:\"10:49\";}i:6;a:3:{s:4:\"text\";s:0:\"\";s:4:\"file\";s:20:\"56165e01d73371a3.jpg\";s:4:\"time\";s:5:\"11:05\";}i:7;a:3:{s:4:\"text\";s:71:\"меньше чем за 15 минут выплата зп пришла\";s:4:\"file\";s:20:\"78365e01d7337357.jpg\";s:4:\"time\";s:5:\"11:25\";}}'),
	(13,41,'День 2 начинается в 10:02','a:9:{i:0;a:3:{s:4:\"text\";s:11:\"1 я тут\";s:4:\"file\";s:0:\"\";s:4:\"time\";s:5:\"10:05\";}i:1;a:3:{s:4:\"text\";s:0:\"\";s:4:\"file\";s:20:\"27465d09dc6db90f.png\";s:4:\"time\";s:5:\"10:22\";}i:2;a:3:{s:4:\"text\";s:0:\"\";s:4:\"file\";s:20:\"53565d09dc6dbd52.png\";s:4:\"time\";s:5:\"10:34\";}i:3;a:3:{s:4:\"text\";s:0:\"\";s:4:\"file\";s:20:\"25165d09dc6dbe59.png\";s:4:\"time\";s:5:\"10:36\";}i:4;a:3:{s:4:\"text\";s:0:\"\";s:4:\"file\";s:20:\"86065c7b3e3ca82b.png\";s:4:\"time\";s:5:\"10:44\";}i:5;a:3:{s:4:\"text\";s:1:\"2\";s:4:\"file\";s:0:\"\";s:4:\"time\";s:5:\"10:52\";}i:6;a:3:{s:4:\"text\";s:0:\"\";s:4:\"file\";s:20:\"28865c7b3e3ca961.png\";s:4:\"time\";s:5:\"11:05\";}i:7;a:3:{s:4:\"text\";s:42:\"Второй заказа оплатила\";s:4:\"file\";s:20:\"69565c7b3e3caa75.png\";s:4:\"time\";s:5:\"11:10\";}i:8;a:3:{s:4:\"text\";s:99:\"выплата пришла!\r\n1690*1.2=2028\r\n1050*1.25=1312\r\n2028+1312+272=3612р Всё верно\";s:4:\"file\";s:20:\"52065c7b3e3cab58.png\";s:4:\"time\";s:5:\"11:15\";}}'),
	(14,42,'Первый Утренний чат начало в 10:01','a:8:{i:0;a:3:{s:4:\"text\";s:32:\"1 Я готов работать\";s:4:\"file\";s:0:\"\";s:4:\"time\";s:5:\"10:05\";}i:1;a:3:{s:4:\"text\";s:0:\"\";s:4:\"file\";s:20:\"86765df8b1ed28d1.jpg\";s:4:\"time\";s:5:\"10:19\";}i:2;a:3:{s:4:\"text\";s:0:\"\";s:4:\"file\";s:20:\"93265df8b1ed2a05.jpg\";s:4:\"time\";s:5:\"10:28\";}i:3;a:3:{s:4:\"text\";s:0:\"\";s:4:\"file\";s:20:\"22965df8b1ed2a79.jpg\";s:4:\"time\";s:5:\"10:33\";}i:4;a:3:{s:4:\"text\";s:0:\"\";s:4:\"file\";s:20:\"11765df8b1ed2ae9.jpg\";s:4:\"time\";s:5:\"10:36\";}i:5;a:3:{s:4:\"text\";s:1:\"3\";s:4:\"file\";s:0:\"\";s:4:\"time\";s:5:\"10:41\";}i:6;a:3:{s:4:\"text\";s:0:\"\";s:4:\"file\";s:20:\"26265e01df4806c4.jpg\";s:4:\"time\";s:5:\"10:46\";}i:7;a:3:{s:4:\"text\";s:22:\"2 996р получил\";s:4:\"file\";s:20:\"53165e01df4807e8.jpg\";s:4:\"time\";s:5:\"11:05\";}}'),
	(15,42,'День 2 начинается в 10:02','a:10:{i:0;a:3:{s:4:\"text\";s:1:\"1\";s:4:\"file\";s:0:\"\";s:4:\"time\";s:5:\"10:09\";}i:1;a:3:{s:4:\"text\";s:0:\"\";s:4:\"file\";s:20:\"20165d09e6e09bcc.png\";s:4:\"time\";s:5:\"10:25\";}i:2;a:3:{s:4:\"text\";s:0:\"\";s:4:\"file\";s:20:\"59165d09e6e0a079.png\";s:4:\"time\";s:5:\"10:33\";}i:3;a:3:{s:4:\"text\";s:0:\"\";s:4:\"file\";s:20:\"80665d09e6e0a180.png\";s:4:\"time\";s:5:\"10:39\";}i:4;a:3:{s:4:\"text\";s:0:\"\";s:4:\"file\";s:20:\"31565c7b53683061.png\";s:4:\"time\";s:5:\"10:41\";}i:5;a:3:{s:4:\"text\";s:1:\"3\";s:4:\"file\";s:0:\"\";s:4:\"time\";s:5:\"10:46\";}i:6;a:3:{s:4:\"text\";s:0:\"\";s:4:\"file\";s:20:\"96265c7b536831e0.png\";s:4:\"time\";s:5:\"10:49\";}i:7;a:3:{s:4:\"text\";s:27:\"Второй перевод\";s:4:\"file\";s:20:\"43965c7b536832e4.png\";s:4:\"time\";s:5:\"10:57\";}i:8;a:3:{s:4:\"text\";s:102:\"Пришли)) я посчитал всё чётко\r\n2890*1.2=3468\r\n1590*1.2=1908\r\n1908+3468+272=5468\";s:4:\"file\";s:20:\"91565c7b536833f2.png\";s:4:\"time\";s:5:\"11:25\";}i:9;a:3:{s:4:\"text\";s:12:\"Хорошо\";s:4:\"file\";s:0:\"\";s:4:\"time\";s:5:\"10:27\";}}'),
	(16,45,'Первый Утренний чат начало в 10:01','a:10:{i:0;a:3:{s:4:\"text\";s:1:\"1\";s:4:\"file\";s:0:\"\";s:4:\"time\";s:5:\"10:05\";}i:1;a:3:{s:4:\"text\";s:0:\"\";s:4:\"file\";s:20:\"36965df8b9a00b39.jpg\";s:4:\"time\";s:5:\"10:17\";}i:2;a:3:{s:4:\"text\";s:0:\"\";s:4:\"file\";s:20:\"29865df8b9a00c45.jpg\";s:4:\"time\";s:5:\"10:26\";}i:3;a:3:{s:4:\"text\";s:0:\"\";s:4:\"file\";s:20:\"37265df8b9a00cc4.jpg\";s:4:\"time\";s:5:\"10:34\";}i:4;a:3:{s:4:\"text\";s:0:\"\";s:4:\"file\";s:20:\"72365df8b9a00d56.jpg\";s:4:\"time\";s:5:\"10:36\";}i:5;a:3:{s:4:\"text\";s:1:\"8\";s:4:\"file\";s:0:\"\";s:4:\"time\";s:5:\"10:41\";}i:6;a:3:{s:4:\"text\";s:0:\"\";s:4:\"file\";s:20:\"40665e01e55d0c2e.jpg\";s:4:\"time\";s:5:\"10:45\";}i:7;a:3:{s:4:\"text\";s:72:\"24 850*1.2+260=30 072р, палучела, спосибо бальшое\";s:4:\"file\";s:20:\"29065e01e55d0d30.jpg\";s:4:\"time\";s:5:\"11:02\";}i:8;a:3:{s:4:\"text\";s:40:\"Ест ли другие зодания?\";s:4:\"file\";s:0:\"\";s:4:\"time\";s:5:\"11:37\";}i:9;a:3:{s:4:\"text\";s:61:\"харашо спасиба бальшое, буду ждат\";s:4:\"file\";s:0:\"\";s:4:\"time\";s:5:\"11:42\";}}'),
	(17,45,'День 2 начинается в 10:02','a:8:{i:0;a:3:{s:4:\"text\";s:1:\"1\";s:4:\"file\";s:0:\"\";s:4:\"time\";s:5:\"10:06\";}i:1;a:3:{s:4:\"text\";s:0:\"\";s:4:\"file\";s:20:\"59765d09ebf07aeb.png\";s:4:\"time\";s:5:\"10:21\";}i:2;a:3:{s:4:\"text\";s:0:\"\";s:4:\"file\";s:20:\"25065d09ebf07fba.png\";s:4:\"time\";s:5:\"10:31\";}i:3;a:3:{s:4:\"text\";s:0:\"\";s:4:\"file\";s:20:\"79265d09ebf08145.png\";s:4:\"time\";s:5:\"10:39\";}i:4;a:3:{s:4:\"text\";s:0:\"\";s:4:\"file\";s:20:\"63965c7b5fe80dc5.png\";s:4:\"time\";s:5:\"10:41\";}i:5;a:3:{s:4:\"text\";s:1:\"7\";s:4:\"file\";s:0:\"\";s:4:\"time\";s:5:\"10:46\";}i:6;a:3:{s:4:\"text\";s:0:\"\";s:4:\"file\";s:20:\"31765c7b5fe80f90.png\";s:4:\"time\";s:5:\"10:49\";}i:7;a:3:{s:4:\"text\";s:95:\"деньги палучила😍😘. Жал еще одного задания не было \";s:4:\"file\";s:20:\"17565c7b5fe810aa.png\";s:4:\"time\";s:5:\"10:56\";}}'),
	(18,46,'Первый Утренний чат начало в 10:01','a:8:{i:0;a:3:{s:4:\"text\";s:1:\"1\";s:4:\"file\";s:0:\"\";s:4:\"time\";s:5:\"10:07\";}i:1;a:3:{s:4:\"text\";s:0:\"\";s:4:\"file\";s:20:\"68265df8c1c2ffd6.jpg\";s:4:\"time\";s:5:\"10:18\";}i:2;a:3:{s:4:\"text\";s:0:\"\";s:4:\"file\";s:20:\"69665df8c1c3010f.jpg\";s:4:\"time\";s:5:\"10:27\";}i:3;a:3:{s:4:\"text\";s:0:\"\";s:4:\"file\";s:20:\"91965df8c1c3017a.jpg\";s:4:\"time\";s:5:\"10:33\";}i:4;a:3:{s:4:\"text\";s:0:\"\";s:4:\"file\";s:20:\"29465df8c1c301dc.jpg\";s:4:\"time\";s:5:\"10:37\";}i:5;a:3:{s:4:\"text\";s:19:\"Мне 4 заказ\";s:4:\"file\";s:0:\"\";s:4:\"time\";s:5:\"10:43\";}i:6;a:3:{s:4:\"text\";s:0:\"\";s:4:\"file\";s:20:\"15465e01ecfef94a.jpg\";s:4:\"time\";s:5:\"10:50\";}i:7;a:3:{s:4:\"text\";s:69:\"Выплата поступила, спасибо менеджеру!\";s:4:\"file\";s:20:\"95365e01ecfefa45.jpg\";s:4:\"time\";s:5:\"11:03\";}}'),
	(19,46,'День 2 начинается в 10:02','a:9:{i:0;a:3:{s:4:\"text\";s:23:\"Жду задание 1\";s:4:\"file\";s:0:\"\";s:4:\"time\";s:5:\"10:08\";}i:1;a:3:{s:4:\"text\";s:0:\"\";s:4:\"file\";s:20:\"64665d09f69d03f2.png\";s:4:\"time\";s:5:\"10:23\";}i:2;a:3:{s:4:\"text\";s:0:\"\";s:4:\"file\";s:20:\"93265d09f69d07fc.png\";s:4:\"time\";s:5:\"10:32\";}i:3;a:3:{s:4:\"text\";s:0:\"\";s:4:\"file\";s:20:\"43565d09f69d0982.png\";s:4:\"time\";s:5:\"10:38\";}i:4;a:3:{s:4:\"text\";s:0:\"\";s:4:\"file\";s:20:\"72965c7b66f26379.png\";s:4:\"time\";s:5:\"10:42\";}i:5;a:3:{s:4:\"text\";s:6:\"4-ый\";s:4:\"file\";s:0:\"\";s:4:\"time\";s:5:\"10:48\";}i:6;a:3:{s:4:\"text\";s:0:\"\";s:4:\"file\";s:20:\"41165c7b66f26580.png\";s:4:\"time\";s:5:\"10:55\";}i:7;a:3:{s:4:\"text\";s:60:\"За второй выданный заказ перевёл\";s:4:\"file\";s:20:\"17965c7b66f266cd.png\";s:4:\"time\";s:5:\"11:05\";}i:8;a:3:{s:4:\"text\";s:64:\"6 336+1812+272=8420 рублей получил, хочу ещё\";s:4:\"file\";s:20:\"86965c7b66f267df.png\";s:4:\"time\";s:5:\"11:12\";}}'),
	(21,48,'День 2 начинается в 10:02','a:9:{i:0;a:3:{s:4:\"text\";s:1:\"1\";s:4:\"file\";s:0:\"\";s:4:\"time\";s:5:\"10:06\";}i:1;a:3:{s:4:\"text\";s:0:\"\";s:4:\"file\";s:20:\"73065d09fd88c30a.png\";s:4:\"time\";s:5:\"10:24\";}i:2;a:3:{s:4:\"text\";s:0:\"\";s:4:\"file\";s:20:\"34465d09fd88c63f.png\";s:4:\"time\";s:5:\"10:34\";}i:3;a:3:{s:4:\"text\";s:0:\"\";s:4:\"file\";s:20:\"13765d09fd88c728.png\";s:4:\"time\";s:5:\"10:37\";}i:4;a:3:{s:4:\"text\";s:0:\"\";s:4:\"file\";s:20:\"85465d09fd88c831.png\";s:4:\"time\";s:5:\"10:43\";}i:5;a:3:{s:4:\"text\";s:12:\"Девять\";s:4:\"file\";s:0:\"\";s:4:\"time\";s:5:\"10:48\";}i:6;a:3:{s:4:\"text\";s:0:\"\";s:4:\"file\";s:20:\"85265c7b77dac94d.png\";s:4:\"time\";s:5:\"10:58\";}i:7;a:3:{s:4:\"text\";s:34:\"Денежка пришла ❤️\";s:4:\"file\";s:20:\"62165c7b77daca0a.png\";s:4:\"time\";s:5:\"11:08\";}i:8;a:3:{s:4:\"text\";s:16:\"Ок, жду🙏\";s:4:\"file\";s:0:\"\";s:4:\"time\";s:5:\"10:27\";}}'),
	(23,49,'День 2 начинается в 10:02 ','a:8:{i:0;a:3:{s:4:\"text\";s:8:\"один\";s:4:\"file\";s:0:\"\";s:4:\"time\";s:5:\"10:13\";}i:1;a:3:{s:4:\"text\";s:0:\"\";s:4:\"file\";s:20:\"84865d0a037bac70.png\";s:4:\"time\";s:5:\"10:21\";}i:2;a:3:{s:4:\"text\";s:0:\"\";s:4:\"file\";s:20:\"67965d0a037bb1d0.png\";s:4:\"time\";s:5:\"10:31\";}i:3;a:3:{s:4:\"text\";s:0:\"\";s:4:\"file\";s:20:\"96865d0a037bb31a.png\";s:4:\"time\";s:5:\"10:36\";}i:4;a:3:{s:4:\"text\";s:0:\"\";s:4:\"file\";s:20:\"91665c7b8070aa04.png\";s:4:\"time\";s:5:\"10:43\";}i:5;a:3:{s:4:\"text\";s:12:\"шестой\";s:4:\"file\";s:0:\"\";s:4:\"time\";s:5:\"10:49\";}i:6;a:3:{s:4:\"text\";s:0:\"\";s:4:\"file\";s:20:\"87765c7b8070abb3.png\";s:4:\"time\";s:5:\"10:58\";}i:7;a:3:{s:4:\"text\";s:53:\"деньги вернулись 16740*1.2+272=20360р\";s:4:\"file\";s:20:\"69365c7b8070acc9.png\";s:4:\"time\";s:5:\"11:14\";}}'),
	(24,37,'Первый Утренний чат начало в 10:01','a:10:{i:0;a:3:{s:4:\"text\";s:1:\"1\";s:4:\"file\";s:0:\"\";s:4:\"time\";s:5:\"10:04\";}i:1;a:3:{s:4:\"text\";s:10:\"Готов\";s:4:\"file\";s:0:\"\";s:4:\"time\";s:5:\"10:14\";}i:2;a:3:{s:4:\"text\";s:0:\"\";s:4:\"file\";s:20:\"37265df8a26b9a7d.jpg\";s:4:\"time\";s:5:\"10:17\";}i:3;a:3:{s:4:\"text\";s:12:\"Хорошо\";s:4:\"file\";s:0:\"\";s:4:\"time\";s:5:\"10:22\";}i:4;a:3:{s:4:\"text\";s:0:\"\";s:4:\"file\";s:20:\"78565df8a26b9bc3.jpg\";s:4:\"time\";s:5:\"10:28\";}i:5;a:3:{s:4:\"text\";s:0:\"\";s:4:\"file\";s:20:\"69065df8a26b9c72.jpg\";s:4:\"time\";s:5:\"10:32\";}i:6;a:3:{s:4:\"text\";s:0:\"\";s:4:\"file\";s:20:\"37865df8a26b9cfc.jpg\";s:4:\"time\";s:5:\"10:37\";}i:7;a:3:{s:4:\"text\";s:1:\"5\";s:4:\"file\";s:0:\"\";s:4:\"time\";s:5:\"10:42\";}i:8;a:3:{s:4:\"text\";s:0:\"\";s:4:\"file\";s:20:\"16865e01cee2b70c.jpg\";s:4:\"time\";s:5:\"10:48\";}i:9;a:3:{s:4:\"text\";s:75:\"Пришли деньги, задания сегодня ещё будут?\";s:4:\"file\";s:20:\"94965e01cee2b82b.jpg\";s:4:\"time\";s:5:\"11:07\";}}'),
	(25,48,'Первый Утренний чат начало в 10:01','a:9:{i:0;a:3:{s:4:\"text\";s:1:\"1\";s:4:\"file\";s:0:\"\";s:4:\"time\";s:5:\"10:08\";}i:1;a:3:{s:4:\"text\";s:0:\"\";s:4:\"file\";s:20:\"96665df8c984aedb.jpg\";s:4:\"time\";s:5:\"10:19\";}i:2;a:3:{s:4:\"text\";s:6:\"жду\";s:4:\"file\";s:0:\"\";s:4:\"time\";s:5:\"10:23\";}i:3;a:3:{s:4:\"text\";s:0:\"\";s:4:\"file\";s:20:\"56665df8c984b015.jpg\";s:4:\"time\";s:5:\"10:27\";}i:4;a:3:{s:4:\"text\";s:0:\"\";s:4:\"file\";s:20:\"43965df8c984b089.jpg\";s:4:\"time\";s:5:\"10:32\";}i:5;a:3:{s:4:\"text\";s:0:\"\";s:4:\"file\";s:20:\"79065df8c984b0ef.jpg\";s:4:\"time\";s:5:\"10:38\";}i:6;a:3:{s:4:\"text\";s:16:\"Выбираю 7\";s:4:\"file\";s:0:\"\";s:4:\"time\";s:5:\"10:46\";}i:7;a:3:{s:4:\"text\";s:0:\"\";s:4:\"file\";s:20:\"90765e01f27a1ae2.jpg\";s:4:\"time\";s:5:\"10:55\";}i:8;a:3:{s:4:\"text\";s:26:\"Поступили💰🥰\";s:4:\"file\";s:20:\"76165e01f27a1c20.jpg\";s:4:\"time\";s:5:\"11:09\";}}'),
	(26,49,'Первый Утренний чат начало в 10:01','a:9:{i:0;a:3:{s:4:\"text\";s:30:\"Чуть не проспал 1\";s:4:\"file\";s:0:\"\";s:4:\"time\";s:5:\"10:14\";}i:1;a:3:{s:4:\"text\";s:0:\"\";s:4:\"file\";s:20:\"41365df8cfa6685a.jpg\";s:4:\"time\";s:5:\"10:16\";}i:2;a:3:{s:4:\"text\";s:4:\"ок\";s:4:\"file\";s:0:\"\";s:4:\"time\";s:5:\"10:24\";}i:3;a:3:{s:4:\"text\";s:0:\"\";s:4:\"file\";s:20:\"73365df8cfa66991.jpg\";s:4:\"time\";s:5:\"10:26\";}i:4;a:3:{s:4:\"text\";s:0:\"\";s:4:\"file\";s:20:\"20865df8cfa66a26.jpg\";s:4:\"time\";s:5:\"10:31\";}i:5;a:3:{s:4:\"text\";s:0:\"\";s:4:\"file\";s:20:\"23065df8cfa66a92.jpg\";s:4:\"time\";s:5:\"10:38\";}i:6;a:3:{s:4:\"text\";s:6:\"2-ой\";s:4:\"file\";s:0:\"\";s:4:\"time\";s:5:\"10:48\";}i:7;a:3:{s:4:\"text\";s:0:\"\";s:4:\"file\";s:20:\"13465e01f951af88.jpg\";s:4:\"time\";s:5:\"10:59\";}i:8;a:3:{s:4:\"text\";s:59:\"всё верно 1390 множить на 1.2 + 260=1928р\";s:4:\"file\";s:20:\"26165e01f951b05f.jpg\";s:4:\"time\";s:5:\"11:20\";}}'),
	(27,60,'Вип чат начало в 13:01','a:27:{i:0;a:3:{s:4:\"text\";s:529:\"Добрый день всем! Я Веду эту группу на сегодняшнее задание, назначенное продавцами, меня зовут Джулия. И поскольку продавец находится в процессе выпуска большого количества новых предметов, сегодняшнее задание будет выпущено примерно в 13:15 по Москве, так что пожалуйста подождите немного.\";s:4:\"file\";s:0:\"\";s:4:\"time\";s:5:\"13:01\";}i:1;a:3:{s:4:\"text\";s:460:\"В связи с ограниченным количеством рабочих заданий, распределяемых продавцами, каждая группа рассчитана максимум на 8 участников. Рабочие задания начнутся через 10 минут, поэтому будьте готовы! Отправьте в группе (1), и я посчитаю количество участников!\";s:4:\"file\";s:0:\"\";s:4:\"time\";s:5:\"13:05\";}i:2;a:3:{s:4:\"text\";s:718:\"Сегодняшнее задача - помочь продавцу увеличить количество просмотров и заказов на его продукцию. Сегодняшнее объявление предназначено для комбинации задач, одна задача содержит несколько более мелких задач. Продавец будет платить один раз за каждую выполненную комбинацию задач. Вознаграждение за работу составляет от 3 000р до 50 000 рублей, чем больше работы вы делаете, тем больше вам платят.\";s:4:\"file\";s:0:\"\";s:4:\"time\";s:5:\"13:11\";}i:3;a:3:{s:4:\"text\";s:341:\"Сегодня начинается первое комбинированное задание дня. Это комбинация задач, содержащая несколько более мелких задач, и продавец заплатит вам один раз за каждую выполненную комбинацию.\";s:4:\"file\";s:0:\"\";s:4:\"time\";s:5:\"13:12\";}i:4;a:3:{s:4:\"text\";s:717:\"[Комбинированное задание 1] \r\nЗадача 1  \r\nВремя начала выполнение задания: 13:15 Время окончания: 13:20 \r\nВознаграждение за задание: 200 рублей.\r\nПомочь товарам продавцов увеличить количество просмотров и лайков на товарах. \r\n\r\nНажмите на ссылку ниже, чтобы принять участие, помогите продавцу, поставьте лайк на товаре. Сделайте скриншот и отправьте его в группу.\r\nhttps://kazanexpress.ru/product/gillettee-fusion5-muzhskaya-2072568\";s:4:\"file\";s:0:\"\";s:4:\"time\";s:5:\"13:15\";}i:5;a:3:{s:4:\"text\";s:241:\"Из-за большого количества участников, товаров продавца не было в наличии, и у некоторых не было возможности нажать на кнопку сердца.\";s:4:\"file\";s:0:\"\";s:4:\"time\";s:5:\"13:21\";}i:6;a:3:{s:4:\"text\";s:77:\"Пожалуйста подождите следующего задания. \";s:4:\"file\";s:0:\"\";s:4:\"time\";s:5:\"13:22\";}i:7;a:3:{s:4:\"text\";s:670:\"[Комбинированное задание 1]\r\nЗадача 1\r\nПомочь товарам продавцов увеличить количество просмотров.\r\nВремя начала выполнение задания: 13:25\r\nВремя окончания: 13:30\r\nВознаграждение за задание: 200 рублей.\r\n\r\nНажмите на ссылку ниже, чтобы принять участие, помогите продавцу, поставьте лайк на товаре.\r\nСделайте скриншот и отправьте его в группу.  https://kazanexpress.ru/product/igrovoj-kompyuter-basepro-1434443\";s:4:\"file\";s:0:\"\";s:4:\"time\";s:5:\"13:25\";}i:8;a:3:{s:4:\"text\";s:663:\"[Комбинированное задание 1]\r\nЗадача 2\r\nПомочь увеличить количество просмотров на товары продавца.\r\nВремя начала выполнение задания: 13:30\r\nВремя окончания: 13:35\r\nВознаграждение за задание: 200 рублей.\r\n\r\nНажмите на ссылку ниже, чтобы принять участие, помогите продавцу, поставьте лайк на товаре. Сделайте скриншот и отправьте его в группу.\r\nhttps://kazanexpress.ru/product/monitor-xiaomi-redmi-2039330\";s:4:\"file\";s:0:\"\";s:4:\"time\";s:5:\"13:30\";}i:9;a:3:{s:4:\"text\";s:698:\"[Комбинированное задание 1]\r\nЗадача 3\r\nПомочь продавцам увеличить количество просмотров и лайков на их товары.\r\nВремя начала выполнение задания: 13:35\r\nВремя окончания: 13:40\r\nВознаграждение за задание: 200 рублей.\r\n\r\nНажмите на ссылку ниже, чтобы принять участие, помогите продавцу, поставьте лайк на товаре. Сделайте скриншот и отправьте его в группу.\r\nhttps://kazanexpress.ru/product/smartfon-tecno-spark-10-pro-8256-2211811\";s:4:\"file\";s:0:\"\";s:4:\"time\";s:5:\"13:35\";}i:10;a:3:{s:4:\"text\";s:1365:\"Один счастливый участник получит сегодня дополнительный бонус.\r\nВознаграждение:\r\nПри выборе заказа №1\r\nВознаграждение: 10 000 рублей.\r\nПри выборе заказа №2\r\nВознаграждение: 20 000 рублей.\r\nПри выборе заказа №3\r\nВознаграждение: 30 000 рублей.\r\nПри выборе заказа №4\r\nВознаграждение: 40 000 рублей.\r\nПри выборе заказа №5\r\nВознаграждение: 50 000 рублей.\r\nПри выборе заказа №6\r\nВознаграждение: 60 000 рублей.\r\nПри выборе заказа №7\r\nВознаграждение: 70 000 рублей.\r\nПри выборе заказа №8\r\nВознаграждение: 80 000 рублей.\r\nПри выборе заказа №9\r\nВознаграждение: 90 000 рублей.\r\nПри выборе заказа №10\r\nВознаграждение: 100 000 рублей.\r\nСумма вознаграждения может быть использована для выкупа товаров.\r\nДопустим, вы выбрали заказ 1, 10 000 + сумма заказа. Затем выполните задачу выкупа товара на ту же сумму.\";s:4:\"file\";s:0:\"\";s:4:\"time\";s:5:\"13:38\";}i:11;a:3:{s:4:\"text\";s:2196:\"[Комбинированное задание 1]\r\n[Выплата заработной платы начинается после завершения задания]\r\nЗадание 4\r\nПомогите продавцам увеличить количество заказов на их товары.\r\nВремя начала выполнение задания: 13:40\r\nВремя окончания: 15:40 \r\nШаг 1: Выберите одну из задач заказа\r\nШаг 2: Обратитесь к своему бизнес-менеджеру\r\nШаг 3: Отправьте скриншот пополнения вашего счёта в группу и я подсчитаю их, чтобы продавец мог проверить счёт.\r\n\r\nСистема случайным образом назначит 1-3 заказа на это задание, не бросайте его на середине, иначе вам не заплатят. После выполнения этого задания ваша зарплата будет выплачена вместе с вышесказанными 4 заданиями.\r\n\r\nЗаказ 1 Выкуп товара 2 770 рублей\r\nВаша прибыль 3 324 рублей\r\n\r\nЗаказ 2 Выкуп товара 4 050 рублей\r\nВаша прибыль 4 860 рублей\r\n\r\nЗаказ 3 Выкуп товара 7 730 рублей\r\nВаша прибыль 13 250 рублей\r\n\r\nЗаказ 4 Выкуп товара 13 250 рублей\r\nВаша прибыль 15 900 рублей\r\n\r\nЗаказ 5 Выкуп товара 19 950 рублей\r\nВаша прибыль 23 940 рублей\r\n\r\nЗаказ 6 Выкуп товара 39 770 рублей\r\nВаша прибыль 47 724 рублей\r\n\r\nЗаказ 7 Выкуп товара 56 730 рублей\r\nВаша прибыль 68 076 рублей\r\n\r\nЗаказ 8 Выкуп товара 76 650 рублей\r\nВаша прибыль 91 980 рублей\r\n\r\nЗаказ 9 Выкуп товара 98 770 рублей\r\nВаша прибыль 118 524 рублей\r\n\r\nЗаказ 10 Выкуп товара 158 870 рублей\r\nВаша прибыль 190 644 рублей\";s:4:\"file\";s:0:\"\";s:4:\"time\";s:5:\"13:40\";}i:12;a:3:{s:4:\"text\";s:626:\"За это задание по выкупу можно получить комиссионные в размере до 20-30%. Чем выше цена, тем лучше вознагрождение. Вы можете выбрать номер заказа из предложенных выше вариантов, найти своего менеджера по приёму и получить оплату на свою банковскую карту по завершению! Человек который пригласил вас в группу, является вашим менеджером по приёму.\";s:4:\"file\";s:0:\"\";s:4:\"time\";s:5:\"13:41\";}i:13;a:3:{s:4:\"text\";s:335:\"Вы будете получать зарплату за каждую выполненную вами работу на неполный рабочий день. Если вам не заплатят за выполненную  работу, наша компания возместит вам ущерб в полном объёме!\";s:4:\"file\";s:0:\"\";s:4:\"time\";s:5:\"13:41\";}i:14;a:3:{s:4:\"text\";s:364:\"После выбора номера заказа, пожалуйста свяжитесь с вашим бизнес-менеджером для завершения процесса выкупа. Это задание будет оплачено вместе с вышеуказанным заданием «Любовь» после его выполнения.\";s:4:\"file\";s:0:\"\";s:4:\"time\";s:5:\"13:43\";}i:15;a:3:{s:4:\"text\";s:277:\"Если вы завершили оплату, пожалуйста сделайте скриншот вашего счёта и отправьте его в группу, продавец проверит ваш счёт и рассчитает для вас зарплату.\";s:4:\"file\";s:0:\"\";s:4:\"time\";s:5:\"13:46\";}i:16;a:3:{s:4:\"text\";s:412:\"Как только оплата будет произведена, пожалуйста сделайте скриншот и поделитесь им в группе, и продавец рассчитает оплату для вас. Продавец выплатит всю заработную плату за данную комбинацию заданий после завершения задания.\";s:4:\"file\";s:0:\"\";s:4:\"time\";s:5:\"13:47\";}i:17;a:3:{s:4:\"text\";s:316:\"Задача этой миссии по выкупу - помочь продавцу приобрести товар. После успешной покупки торговый центр забирает купленный вами товар, а вам выплачивает 20%-30% от суммы товара!\";s:4:\"file\";s:0:\"\";s:4:\"time\";s:5:\"13:57\";}i:18;a:3:{s:4:\"text\";s:412:\"Как только оплата будет произведена, пожалуйста сделайте скриншот и поделитесь им в группе, и продавец рассчитает оплату для вас. Продавец выплатит всю заработную плату за данную комбинацию заданий после завершения задания.\";s:4:\"file\";s:0:\"\";s:4:\"time\";s:5:\"14:05\";}i:19;a:3:{s:4:\"text\";s:333:\"Поздравляем всех, кто выполнил это задание и получил зарплату.  Если вы ещё не выполнили задание, пожалуйста, свяжитесь с вашим бизнес-менеджером, чтобы сделать это как можно скорее.\";s:4:\"file\";s:0:\"\";s:4:\"time\";s:5:\"14:09\";}i:20;a:3:{s:4:\"text\";s:87:\"Поздравляю вас всех и продолжайте в том же духе.\";s:4:\"file\";s:0:\"\";s:4:\"time\";s:5:\"14:21\";}i:21;a:3:{s:4:\"text\";s:357:\"Те, кто не завершил ещё работу по выкупу, могут связаться с менеджером, пригласившим вас в группу. Когда работа по выкупу будет завершена, продавец переведёт всю зарплату на вашу банковскую карту!\";s:4:\"file\";s:0:\"\";s:4:\"time\";s:5:\"14:28\";}i:22;a:3:{s:4:\"text\";s:135:\"Поздравляю, всех с выполнением рабочих заданий, продолжайте в том же духе!\";s:4:\"file\";s:0:\"\";s:4:\"time\";s:5:\"14:44\";}i:23;a:3:{s:4:\"text\";s:72:\"Новые работы начнутся завтра в 10:20 утра.\";s:4:\"file\";s:0:\"\";s:4:\"time\";s:5:\"14:53\";}i:24;a:3:{s:4:\"text\";s:357:\"Те, кто ещё не завершил работу по выкупу, могут связаться с менеджером, пригласившим вас в группу. Когда работа по выкупу будет завершена, продавец переведёт всю зарплату на вашу банковскую карту!\";s:4:\"file\";s:0:\"\";s:4:\"time\";s:5:\"14:58\";}i:25;a:3:{s:4:\"text\";s:513:\"Сегодняшняя работа подходит к концу. Чтобы не беспокоить вас, группа будет закрыта и работа на сегодня прекратится в 21:00 по Московскому времени. Если вы хотите продолжить завтра, пожалуйста, попросите вашего менеджера повторно пригласить вас в VIP PREMIUM группу. Наслаждайтесь жизнью!\";s:4:\"file\";s:0:\"\";s:4:\"time\";s:5:\"15:20\";}i:26;a:3:{s:4:\"text\";s:135:\"Поздравляю, всех с выполнением рабочих заданий, продолжайте в том же духе!\";s:4:\"file\";s:0:\"\";s:4:\"time\";s:5:\"14:04\";}}'),
	(28,64,'Вип чат','a:12:{i:0;a:3:{s:4:\"text\";s:25:\"Ок, буду ждать\";s:4:\"file\";s:0:\"\";s:4:\"time\";s:5:\"13:02\";}i:1;a:3:{s:4:\"text\";s:1:\"1\";s:4:\"file\";s:0:\"\";s:4:\"time\";s:5:\"13:06\";}i:2;a:3:{s:4:\"text\";s:0:\"\";s:4:\"file\";s:20:\"89465cdb8ece99fa.png\";s:4:\"time\";s:5:\"13:17\";}i:3;a:3:{s:4:\"text\";s:0:\"\";s:4:\"file\";s:20:\"22965cdb8ece9c99.png\";s:4:\"time\";s:5:\"13:27\";}i:4;a:3:{s:4:\"text\";s:0:\"\";s:4:\"file\";s:20:\"19765cdb8ece9e5f.png\";s:4:\"time\";s:5:\"13:31\";}i:5;a:3:{s:4:\"text\";s:0:\"\";s:4:\"file\";s:20:\"20265d09be3783ce.png\";s:4:\"time\";s:5:\"13:36\";}i:6;a:3:{s:4:\"text\";s:48:\"Это тоже самое что и вчера?\";s:4:\"file\";s:0:\"\";s:4:\"time\";s:5:\"13:42\";}i:7;a:3:{s:4:\"text\";s:6:\"4-ый\";s:4:\"file\";s:0:\"\";s:4:\"time\";s:5:\"13:46\";}i:8;a:3:{s:4:\"text\";s:0:\"\";s:4:\"file\";s:20:\"60365cdb8ecea20d.png\";s:4:\"time\";s:5:\"13:52\";}i:9;a:3:{s:4:\"text\";s:40:\"Оплата второго заказа\";s:4:\"file\";s:20:\"68765cdb8ecea30e.png\";s:4:\"time\";s:5:\"14:23\";}i:10;a:3:{s:4:\"text\";s:60:\"Получил последний заказ, оплатил\";s:4:\"file\";s:20:\"15565cdb8ecea3fb.png\";s:4:\"time\";s:5:\"14:40\";}i:11;a:3:{s:4:\"text\";s:41:\"121248*1.2+600=146097р всё ровно\";s:4:\"file\";s:20:\"13865cdb8ecea4fa.png\";s:4:\"time\";s:5:\"14:47\";}}'),
	(29,65,'Вип чат начинается в 13:02','a:9:{i:0;a:3:{s:4:\"text\";s:12:\"Хорошо\";s:4:\"file\";s:0:\"\";s:4:\"time\";s:5:\"13:02\";}i:1;a:3:{s:4:\"text\";s:1:\"1\";s:4:\"file\";s:0:\"\";s:4:\"time\";s:5:\"13:06\";}i:2;a:3:{s:4:\"text\";s:0:\"\";s:4:\"file\";s:20:\"69965cdba8288942.png\";s:4:\"time\";s:5:\"13:16\";}i:3;a:3:{s:4:\"text\";s:0:\"\";s:4:\"file\";s:20:\"71665cdba8288c78.png\";s:4:\"time\";s:5:\"13:26\";}i:4;a:3:{s:4:\"text\";s:0:\"\";s:4:\"file\";s:20:\"94265cdba8288e1e.png\";s:4:\"time\";s:5:\"13:34\";}i:5;a:3:{s:4:\"text\";s:0:\"\";s:4:\"file\";s:20:\"59965d09c31a4c4f.png\";s:4:\"time\";s:5:\"13:39\";}i:6;a:3:{s:4:\"text\";s:16:\"выбрала 7\";s:4:\"file\";s:0:\"\";s:4:\"time\";s:5:\"13:44\";}i:7;a:3:{s:4:\"text\";s:0:\"\";s:4:\"file\";s:20:\"85165cdba828920a.png\";s:4:\"time\";s:5:\"13:48\";}i:8;a:3:{s:4:\"text\";s:92:\"Все деньги были возвращены, спасибо😘 56730*1.2+600=68 676р\";s:4:\"file\";s:20:\"32865cdba8289307.png\";s:4:\"time\";s:5:\"14:03\";}}'),
	(31,71,'Вип чат начало в 13:01','a:11:{i:0;a:3:{s:4:\"text\";s:1:\"1\";s:4:\"file\";s:0:\"\";s:4:\"time\";s:5:\"13:08\";}i:1;a:3:{s:4:\"text\";s:0:\"\";s:4:\"file\";s:0:\"\";s:4:\"time\";s:5:\"13:18\";}i:2;a:3:{s:4:\"text\";s:56:\"не получается нажать на сердце\";s:4:\"file\";s:0:\"\";s:4:\"time\";s:5:\"13:16\";}i:3;a:3:{s:4:\"text\";s:33:\"хорошо, буду ждать\";s:4:\"file\";s:0:\"\";s:4:\"time\";s:5:\"13:23\";}i:4;a:3:{s:4:\"text\";s:0:\"\";s:4:\"file\";s:20:\"35865cdbe64d4990.png\";s:4:\"time\";s:5:\"13:27\";}i:5;a:3:{s:4:\"text\";s:0:\"\";s:4:\"file\";s:20:\"43665cdbe64d4dac.png\";s:4:\"time\";s:5:\"13:32\";}i:6;a:3:{s:4:\"text\";s:0:\"\";s:4:\"file\";s:20:\"35565d09c8e672ae.png\";s:4:\"time\";s:5:\"13:37\";}i:7;a:3:{s:4:\"text\";s:45:\"да вчера было то же самое\";s:4:\"file\";s:0:\"\";s:4:\"time\";s:5:\"13:43\";}i:8;a:3:{s:4:\"text\";s:12:\"шестой\";s:4:\"file\";s:0:\"\";s:4:\"time\";s:5:\"13:48\";}i:9;a:3:{s:4:\"text\";s:0:\"\";s:4:\"file\";s:20:\"84765cdbe64d526c.png\";s:4:\"time\";s:5:\"13:55\";}i:10;a:3:{s:4:\"text\";s:31:\"деньги выплатили\";s:4:\"file\";s:20:\"18465cdbe64d53ab.png\";s:4:\"time\";s:5:\"14:05\";}}'),
	(32,72,'Вип чат начало в 13:01','a:9:{i:0;a:3:{s:4:\"text\";s:1:\"1\";s:4:\"file\";s:0:\"\";s:4:\"time\";s:5:\"13:09\";}i:1;a:3:{s:4:\"text\";s:0:\"\";s:4:\"file\";s:20:\"31465cdbf7a02602.png\";s:4:\"time\";s:5:\"13:17\";}i:2;a:3:{s:4:\"text\";s:0:\"\";s:4:\"file\";s:20:\"50665cdbf7a029dc.png\";s:4:\"time\";s:5:\"13:29\";}i:3;a:3:{s:4:\"text\";s:0:\"\";s:4:\"file\";s:20:\"27265cdbf7a02c15.png\";s:4:\"time\";s:5:\"13:34\";}i:4;a:3:{s:4:\"text\";s:0:\"\";s:4:\"file\";s:20:\"86465d09cb44386d.png\";s:4:\"time\";s:5:\"13:39\";}i:5;a:3:{s:4:\"text\";s:21:\"Пятый заказ\";s:4:\"file\";s:0:\"\";s:4:\"time\";s:5:\"13:49\";}i:6;a:3:{s:4:\"text\";s:0:\"\";s:4:\"file\";s:20:\"71665cdbf7a02fea.png\";s:4:\"time\";s:5:\"13:58\";}i:7;a:3:{s:4:\"text\";s:70:\"Пришла зп, а сегодня будут ещё задания?\";s:4:\"file\";s:20:\"97965cdbf7a03106.png\";s:4:\"time\";s:5:\"14:07\";}i:8;a:3:{s:4:\"text\";s:59:\"Тоже интересно есть задания ещё?\";s:4:\"file\";s:0:\"\";s:4:\"time\";s:5:\"14:51\";}}'),
	(33,73,'Вип чат начало в 13:01','a:11:{i:0;a:3:{s:4:\"text\";s:8:\"1 жду\";s:4:\"file\";s:0:\"\";s:4:\"time\";s:5:\"13:12\";}i:1;a:3:{s:4:\"text\";s:109:\"У меня тоже не получается сердце нажать. пишет нет в наличии\";s:4:\"file\";s:0:\"\";s:4:\"time\";s:5:\"13:20\";}i:2;a:3:{s:4:\"text\";s:0:\"\";s:4:\"file\";s:20:\"68665cdc174698d8.png\";s:4:\"time\";s:5:\"13:26\";}i:3;a:3:{s:4:\"text\";s:0:\"\";s:4:\"file\";s:20:\"99265cdc17469b75.png\";s:4:\"time\";s:5:\"13:33\";}i:4;a:3:{s:4:\"text\";s:0:\"\";s:4:\"file\";s:20:\"29665d09cd1534f5.png\";s:4:\"time\";s:5:\"13:37\";}i:5;a:3:{s:4:\"text\";s:28:\"Выбираю 10 заказ\";s:4:\"file\";s:0:\"\";s:4:\"time\";s:5:\"13:43\";}i:6;a:3:{s:4:\"text\";s:0:\"\";s:4:\"file\";s:20:\"91465cdc17469f8a.png\";s:4:\"time\";s:5:\"13:47\";}i:7;a:3:{s:4:\"text\";s:38:\"2-ое задание оплачено\";s:4:\"file\";s:20:\"13265cdc1746a052.png\";s:4:\"time\";s:5:\"14:11\";}i:8;a:3:{s:4:\"text\";s:78:\"третий заказ оплачен, пришлось взять ссуду\";s:4:\"file\";s:20:\"44565ce575a1abcd.png\";s:4:\"time\";s:5:\"14:30\";}i:9;a:3:{s:4:\"text\";s:227:\"Всё приходит, давайте поблагодарим Бога за такую возможность 😌\r\n360850*1.25=451062\r\n198770*1.25=248462\r\n158870*1.20=190644\r\n451062+248462+190644=890 168р всё верно\";s:4:\"file\";s:20:\"81565cdc1746a139.png\";s:4:\"time\";s:5:\"14:38\";}i:10;a:3:{s:4:\"text\";s:89:\"Есть ли другие задания или я свободен на сегодня?\";s:4:\"file\";s:0:\"\";s:4:\"time\";s:5:\"14:50\";}}'),
	(34,74,'Вип чат начало в 13:01','a:9:{i:0;a:3:{s:4:\"text\";s:17:\"я здесь (1)\";s:4:\"file\";s:0:\"\";s:4:\"time\";s:5:\"13:14\";}i:1;a:3:{s:4:\"text\";s:0:\"\";s:4:\"file\";s:20:\"97765cdc2c83d912.png\";s:4:\"time\";s:5:\"13:20\";}i:2;a:3:{s:4:\"text\";s:94:\"У меня открывалось всё нормально, ну хорошо подожду\";s:4:\"file\";s:0:\"\";s:4:\"time\";s:5:\"13:23\";}i:3;a:3:{s:4:\"text\";s:0:\"\";s:4:\"file\";s:20:\"35365cdc2c83dc57.png\";s:4:\"time\";s:5:\"13:29\";}i:4;a:3:{s:4:\"text\";s:0:\"\";s:4:\"file\";s:20:\"25365cdc2c83debc.png\";s:4:\"time\";s:5:\"13:31\";}i:5;a:3:{s:4:\"text\";s:0:\"\";s:4:\"file\";s:20:\"33665d09cf01a2ee.png\";s:4:\"time\";s:5:\"13:36\";}i:6;a:3:{s:4:\"text\";s:12:\"Заказ 8\";s:4:\"file\";s:0:\"\";s:4:\"time\";s:5:\"13:53\";}i:7;a:3:{s:4:\"text\";s:16:\"Перевела\";s:4:\"file\";s:20:\"73965cdc2c83e329.png\";s:4:\"time\";s:5:\"14:02\";}i:8;a:3:{s:4:\"text\";s:91:\"спасибо менеджеру за терпение, деньги пришли 🥰😘\";s:4:\"file\";s:20:\"21065cdc2c83e404.png\";s:4:\"time\";s:5:\"14:13\";}}'),
	(35,70,'Вип чат начало в 13:01','a:9:{i:0;a:3:{s:4:\"text\";s:44:\"Будет ли сегодня работа?\";s:4:\"file\";s:0:\"\";s:4:\"time\";s:5:\"13:03\";}i:1;a:3:{s:4:\"text\";s:1:\"1\";s:4:\"file\";s:0:\"\";s:4:\"time\";s:5:\"13:07\";}i:2;a:3:{s:4:\"text\";s:0:\"\";s:4:\"file\";s:20:\"82865ce3c0c1af05.png\";s:4:\"time\";s:5:\"13:19\";}i:3;a:3:{s:4:\"text\";s:0:\"\";s:4:\"file\";s:20:\"63365ce3c0c1b163.png\";s:4:\"time\";s:5:\"13:28\";}i:4;a:3:{s:4:\"text\";s:0:\"\";s:4:\"file\";s:20:\"94765ce3c0c1b390.png\";s:4:\"time\";s:5:\"13:33\";}i:5;a:3:{s:4:\"text\";s:0:\"\";s:4:\"file\";s:20:\"92265d09c6b0b051.png\";s:4:\"time\";s:5:\"13:38\";}i:6;a:3:{s:4:\"text\";s:0:\"\";s:4:\"file\";s:20:\"60665ce3c0c1b75b.png\";s:4:\"time\";s:5:\"13:59\";}i:7;a:3:{s:4:\"text\";s:35:\"Деньги вернулись💋\";s:4:\"file\";s:20:\"46265ce3c0c1b841.png\";s:4:\"time\";s:5:\"14:12\";}i:8;a:3:{s:4:\"text\";s:6:\"9-ый\";s:4:\"file\";s:0:\"\";s:4:\"time\";s:5:\"13:48\";}}'),
	(36,52,'Дневной чат начинается в 12:02','a:17:{i:0;a:3:{s:4:\"text\";s:728:\"Всем добрый день!\r\n\r\nВы утром отлично справились с заданиями!\r\nБлагодарим каждого за участие 🌹🌹🌹\r\nВы можете работать не полный рабочий день с нашей командой в свободное время, чтобы получать заработную плату. Наше ежедневное время раздачи заданий с 10:00 утра до 19:00. Сегодня мы начинаем вторую работу на не полный рабочий день.\r\nРабота на не полный рабочий день состоит из нескольких небольших задач.\";s:4:\"file\";s:0:\"\";s:4:\"time\";s:5:\"12:02\";}i:1;a:3:{s:4:\"text\";s:413:\"Я Веду эту группу на сегодняшнее задание, назначенное торговцами, меня зовут Евгения. Дневное задание будет выпущено в 12:20 по Москве, так что пожалуйста подождите немного.  Отправьте в группе  [1], и я посчитаю кол-во участников.\";s:4:\"file\";s:0:\"\";s:4:\"time\";s:5:\"12:04\";}i:2;a:3:{s:4:\"text\";s:746:\"Дневная задача - помочь торговцу увеличить количество лайков, просмотров и заказов на его продукцию. Сегодняшнее объявление предназначено для комбинации задач, одна задача содержит несколько более мелких задач. Продавец будет платить один раз за каждую выполненную комбинацию задач из 5 заданий. Вознаграждение за работу составляет от 1 000р до 15 000 рублей, чем больше работы вы делаете, тем больше вам платят.\";s:4:\"file\";s:0:\"\";s:4:\"time\";s:5:\"12:12\";}i:3;a:3:{s:4:\"text\";s:299:\"Сегодня начинается первое дневное задание. Это задачи, содержащие несколько более мелких задач, и продавец заплатит вам один раз за каждую выполненную комбинацию.\";s:4:\"file\";s:0:\"\";s:4:\"time\";s:5:\"12:13\";}i:4;a:3:{s:4:\"text\";s:562:\"[Комбинированное задание 1]\r\nЗадача 1\r\nВознаграждение: 68 рублей\r\nВремя начала: 12:20\r\nВремя завершения: 12:25\r\nПомочь товарам продавцов увеличить количество просмотров и лайков на товары. Нажмите на ссылку ниже, чтобы принять участие. Сделайте скриншот и отправьте его в группу.\r\nhttps://kazanexpress.ru/product/darts-dvustoronnij-43-sm--17-760535\";s:4:\"file\";s:0:\"\";s:4:\"time\";s:5:\"12:20\";}i:5;a:3:{s:4:\"text\";s:59:\"Следующее задание начнётся в 12:30\";s:4:\"file\";s:0:\"\";s:4:\"time\";s:5:\"12:26\";}i:6;a:3:{s:4:\"text\";s:634:\"[Комбинированное задание 1]\r\nЗадача 2\r\nПомочь товарам продавцов увеличить количество просмотров и лайков на товары.\r\nВремя начала выполнение задания: 12:30\r\nВремя окончания: 12:35\r\nВознаграждение за задание: 68 рублей.\r\nНажмите на ссылку ниже, чтобы принять участие. Сделайте скриншот и отправьте его в группу.\r\nhttps://kazanexpress.ru/product/kij-bilyardnyj-derevyannyj-razbornyj-160-sm-1036806\";s:4:\"file\";s:0:\"\";s:4:\"time\";s:5:\"12:30\";}i:7;a:3:{s:4:\"text\";s:707:\"[Комбинированное задание 1]\r\nЗадача 3\r\nПомочь увеличить количество просмотров и лайков на товары продавца.\r\nВремя начала выполнение задания: 12:35\r\nВремя окончания: 12:40\r\nВознаграждение за задание: 68 рублей.\r\nНажмите на ссылку ниже, чтобы принять участие, помогите продавцу увеличить активность. Сделайте скриншот, поставьте лайк и отправьте его в группу.\r\nhttps://kazanexpress.ru/product/umnyj-perkussionnyj-massazher-2278485\";s:4:\"file\";s:0:\"\";s:4:\"time\";s:5:\"12:35\";}i:8;a:3:{s:4:\"text\";s:711:\"[Комбинированное задание 1]\r\nЗадача 4\r\nПомочь продавцам увеличить количество просмотров и лайков на их товары.\r\nВремя начала выполнение задания: 12:40\r\nВремя окончания: 12:45\r\nВознаграждение за задание: 68 рублей.\r\nНажмите на ссылку ниже, чтобы принять участие, помогите продавцу увеличить активность. Сделайте скриншот, поставьте лайк и отправьте его в группу.\r\nhttps://kazanexpress.ru/product/massazher-yunmai-ymfg-m352-1602866\";s:4:\"file\";s:0:\"\";s:4:\"time\";s:5:\"12:40\";}i:9;a:3:{s:4:\"text\";s:2695:\"[Комплексное задание 1]\r\n[Выплата заработной платы начинается после завершения задания]\r\nЗадача 5\r\nПомогите продавцам увеличить количество заказов на их товары.\r\nВремя начала выполнение задания: 12:45\r\nВремя окончания: 13:45\r\nШаг 1: Выберите одну из задач заказа\r\nШаг 2: Обратитесь к своему бизнес-менеджеру\r\nШаг 3: Отправьте скриншот пополнения вашего счёта в группу и я подсчитаю их, чтобы торговец мог проверить счёт.\r\n\r\nСистема случайным образом назначит 1-3 заказа на это задание, не бросайте его на середине, иначе вам не заплатят.\r\n\r\nПосле выполнения этого задания ваша зарплата будет выплачена вместе с вышесказанными 4 заданиями.\r\n\r\nЗаказ 1 Выкуп товара 1050 рублей\r\nВаша прибыль 1260 рублей\r\n\r\nЗаказ 2 Выкуп товара 1690 рублей\r\nВаша прибыль 2028 рублей\r\n\r\nЗаказ 3 Выкуп товара 2 890 рублей\r\nВаша прибыль 3 468 рублей\r\n\r\nЗаказ 4 Выкуп товара 5 280 рублей\r\nВаша прибыль 6 336 рублей\r\n\r\nЗаказ 5 Выкуп товара 9 960 рублей\r\nВаша прибыль 11 952 рублей\r\n\r\nЗаказ 6 Выкуп товара 16 740 рублей\r\nВаша прибыль 20 088 рублей\r\n\r\nЗаказ 7 Выкуп товара 19 770 рублей\r\nВаша прибыль 23 724 рублей\r\n\r\nЗаказ 8 Выкуп товара 24 850 рублей\r\nВаша прибыль 29 820 рублей\r\n\r\nЗаказ 9 Выкуп товара 33 850 рублей\r\nВаша прибыль 40 620 рублей\r\n\r\nЗа это задание по выкупу можно получить комиссионные в размере 20%-25%. Чем выше цена, тем лучше вознагрождение. Вы можете выбрать номер заказа из предложенных выше вариантов, найти своего менеджера по приёму и получить оплату на свою банковскую карту по завершению! Человек который пригласил вас в группу, является вашим менеджером по приёму.\";s:4:\"file\";s:0:\"\";s:4:\"time\";s:5:\"12:45\";}i:10;a:3:{s:4:\"text\";s:703:\"Вы будете получать зарплату за каждую выполненную вами работу на неполный рабочий день. Если вам не заплатят за выполненную  работу, наша компания возместит вам ущерб в полном объёме!\r\n\r\nПосле выбора номера заказа, пожалуйста свяжитесь с вашим бизнес-менеджером для завершения процесса выкупа. Это задание будет оплачено вместе с вышеуказанным заданием «любовь» после его выполнения.\";s:4:\"file\";s:0:\"\";s:4:\"time\";s:5:\"12:47\";}i:11;a:3:{s:4:\"text\";s:693:\"Как только оплата будет произведена, пожалуйста сделайте скриншот и поделитесь им в группе, и продавец рассчитает оплату для вас. Продавец выплатит всю заработную плату за данную комбинацию заданий после завершения задания.\r\n\r\nЕсли вы завершили оплату, пожалуйста сделайте скриншот вашего счёта и отправьте его в группу, продавец проверит ваш счёт и рассчитает для вас зарплату.\";s:4:\"file\";s:0:\"\";s:4:\"time\";s:5:\"12:50\";}i:12;a:3:{s:4:\"text\";s:407:\"Поздравляю вас всех и продолжайте в том же духе.\r\n\r\nЗадача этой миссии по выкупу - помочь продавцу приобрести товар. После успешной покупки торговый центр забирает купленный вами товар, а вам выплачивает 20%-25% от суммы товара!\";s:4:\"file\";s:0:\"\";s:4:\"time\";s:5:\"13:16\";}i:13;a:3:{s:4:\"text\";s:357:\"Те, кто ещё не завершил работу по выкупу, могут связаться с менеджером, пригласившим вас в группу. Когда работа по выкупу будет завершена, продавец переведёт всю зарплату на вашу банковскую карту!\";s:4:\"file\";s:0:\"\";s:4:\"time\";s:5:\"13:24\";}i:14;a:3:{s:4:\"text\";s:526:\"Дневное задание подходят к концу, все кто завершил задания, получил свои выплаты в полном объеме. Сегодня также есть для вас ещё дневные задания, которые начнутся в 14:00 по Москве в VIP чате. Ссылку для добавления в VIP чат, пришлёт ваш бизнес менеджер. Вы сможете заработать от 3000 до 50 000 рублей.\";s:4:\"file\";s:0:\"\";s:4:\"time\";s:5:\"13:27\";}i:15;a:3:{s:4:\"text\";s:87:\"Поздравляю вас всех и продолжайте в том же духе.\";s:4:\"file\";s:0:\"\";s:4:\"time\";s:5:\"12:57\";}i:16;a:3:{s:4:\"text\";s:154:\"Пожалуйста обратитесь к своему бизнес менеджеру для получения приглашения в VIP чат. \";s:4:\"file\";s:0:\"\";s:4:\"time\";s:5:\"13:36\";}}'),
	(37,49,'Дневной чат начинается в 12:02','a:9:{i:0;a:3:{s:4:\"text\";s:8:\"один\";s:4:\"file\";s:0:\"\";s:4:\"time\";s:5:\"12:13\";}i:1;a:3:{s:4:\"text\";s:0:\"\";s:4:\"file\";s:20:\"63365df8d12c319f.jpg\";s:4:\"time\";s:5:\"12:21\";}i:2;a:3:{s:4:\"text\";s:0:\"\";s:4:\"file\";s:20:\"76665df8d12c3289.jpg\";s:4:\"time\";s:5:\"12:31\";}i:3;a:3:{s:4:\"text\";s:0:\"\";s:4:\"file\";s:20:\"83165df8d12c3326.jpg\";s:4:\"time\";s:5:\"12:36\";}i:4;a:3:{s:4:\"text\";s:0:\"\";s:4:\"file\";s:20:\"69465df8d12c3396.jpg\";s:4:\"time\";s:5:\"12:43\";}i:5;a:3:{s:4:\"text\";s:12:\"шестой\";s:4:\"file\";s:0:\"\";s:4:\"time\";s:5:\"12:49\";}i:6;a:3:{s:4:\"text\";s:0:\"\";s:4:\"file\";s:20:\"31565e01fa910bb5.jpg\";s:4:\"time\";s:5:\"12:58\";}i:7;a:3:{s:4:\"text\";s:53:\"деньги вернулись 16740*1.2+272=20360р\";s:4:\"file\";s:20:\"17265e01fa910cc2.jpg\";s:4:\"time\";s:5:\"13:14\";}i:8;a:3:{s:4:\"text\";s:54:\"Ок, я тоже ещё поработать хочу\";s:4:\"file\";s:0:\"\";s:4:\"time\";s:5:\"13:35\";}}'),
	(38,48,'Дневной чат начинается в 12:02','a:10:{i:0;a:3:{s:4:\"text\";s:1:\"1\";s:4:\"file\";s:0:\"\";s:4:\"time\";s:5:\"12:06\";}i:1;a:3:{s:4:\"text\";s:0:\"\";s:4:\"file\";s:20:\"92765df8cb42c0d9.jpg\";s:4:\"time\";s:5:\"12:24\";}i:2;a:3:{s:4:\"text\";s:0:\"\";s:4:\"file\";s:20:\"78365df8cb42c20d.jpg\";s:4:\"time\";s:5:\"12:33\";}i:3;a:3:{s:4:\"text\";s:0:\"\";s:4:\"file\";s:20:\"88565df8cb42c281.jpg\";s:4:\"time\";s:5:\"12:37\";}i:4;a:3:{s:4:\"text\";s:0:\"\";s:4:\"file\";s:20:\"96565df8cb42c2e9.jpg\";s:4:\"time\";s:5:\"12:43\";}i:5;a:3:{s:4:\"text\";s:12:\"Девять\";s:4:\"file\";s:0:\"\";s:4:\"time\";s:5:\"12:48\";}i:6;a:3:{s:4:\"text\";s:0:\"\";s:4:\"file\";s:20:\"38865e01f42ce4d7.jpg\";s:4:\"time\";s:5:\"12:58\";}i:7;a:3:{s:4:\"text\";s:34:\"Денежка пришла ❤️\";s:4:\"file\";s:20:\"57165e01f42ce702.jpg\";s:4:\"time\";s:5:\"13:08\";}i:8;a:3:{s:4:\"text\";s:16:\"Ок, жду🙏\";s:4:\"file\";s:0:\"\";s:4:\"time\";s:5:\"12:27\";}i:9;a:3:{s:4:\"text\";s:96:\"Я тоже хочу ещё поработать, буду ждать тогда🙏❤️❤️\";s:4:\"file\";s:0:\"\";s:4:\"time\";s:5:\"13:31\";}}'),
	(39,46,'Дневной чат начинается в 12:02','a:11:{i:0;a:3:{s:4:\"text\";s:23:\"Жду задание 1\";s:4:\"file\";s:0:\"\";s:4:\"time\";s:5:\"12:08\";}i:1;a:3:{s:4:\"text\";s:0:\"\";s:4:\"file\";s:20:\"34065df8c3ba61b7.jpg\";s:4:\"time\";s:5:\"12:23\";}i:2;a:3:{s:4:\"text\";s:0:\"\";s:4:\"file\";s:20:\"47065df8c3ba62e8.jpg\";s:4:\"time\";s:5:\"12:32\";}i:3;a:3:{s:4:\"text\";s:0:\"\";s:4:\"file\";s:20:\"71165df8c3ba635d.jpg\";s:4:\"time\";s:5:\"12:38\";}i:4;a:3:{s:4:\"text\";s:0:\"\";s:4:\"file\";s:20:\"22465df8c3ba63c2.jpg\";s:4:\"time\";s:5:\"12:42\";}i:5;a:3:{s:4:\"text\";s:6:\"4-ый\";s:4:\"file\";s:0:\"\";s:4:\"time\";s:5:\"12:48\";}i:6;a:3:{s:4:\"text\";s:0:\"\";s:4:\"file\";s:20:\"74865e01eeac3bf9.jpg\";s:4:\"time\";s:5:\"12:55\";}i:7;a:3:{s:4:\"text\";s:60:\"За второй выданный заказ перевёл\";s:4:\"file\";s:20:\"35665e01eeac3d4d.jpg\";s:4:\"time\";s:5:\"13:05\";}i:8;a:3:{s:4:\"text\";s:64:\"6 336+1812+272=8420 рублей получил, хочу ещё\";s:4:\"file\";s:20:\"58765e01eeac3e05.jpg\";s:4:\"time\";s:5:\"13:12\";}i:9;a:3:{s:4:\"text\";s:53:\"А вип чат здесь будет или где?\";s:4:\"file\";s:0:\"\";s:4:\"time\";s:5:\"13:35\";}i:10;a:3:{s:4:\"text\";s:28:\"Хорошо, написал\";s:4:\"file\";s:0:\"\";s:4:\"time\";s:5:\"13:37\";}}'),
	(40,45,'Дневной чат начинается в 12:02','a:8:{i:0;a:3:{s:4:\"text\";s:1:\"1\";s:4:\"file\";s:0:\"\";s:4:\"time\";s:5:\"12:06\";}i:1;a:3:{s:4:\"text\";s:0:\"\";s:4:\"file\";s:20:\"53065df8bb671a42.jpg\";s:4:\"time\";s:5:\"12:21\";}i:2;a:3:{s:4:\"text\";s:0:\"\";s:4:\"file\";s:20:\"79865df8bb671b58.jpg\";s:4:\"time\";s:5:\"12:31\";}i:3;a:3:{s:4:\"text\";s:0:\"\";s:4:\"file\";s:20:\"84365df8bb671be2.jpg\";s:4:\"time\";s:5:\"12:39\";}i:4;a:3:{s:4:\"text\";s:0:\"\";s:4:\"file\";s:20:\"26865df8bb671c55.jpg\";s:4:\"time\";s:5:\"12:41\";}i:5;a:3:{s:4:\"text\";s:1:\"7\";s:4:\"file\";s:0:\"\";s:4:\"time\";s:5:\"12:46\";}i:6;a:3:{s:4:\"text\";s:0:\"\";s:4:\"file\";s:20:\"73865e01e71ea925.jpg\";s:4:\"time\";s:5:\"12:49\";}i:7;a:3:{s:4:\"text\";s:95:\"деньги палучила😍😘. Жал еще одного задания не было \";s:4:\"file\";s:20:\"62165e01e71eaa2e.jpg\";s:4:\"time\";s:5:\"12:56\";}}'),
	(41,42,'Дневной чат начинается в 12:02','a:11:{i:0;a:3:{s:4:\"text\";s:1:\"1\";s:4:\"file\";s:0:\"\";s:4:\"time\";s:5:\"12:09\";}i:1;a:3:{s:4:\"text\";s:0:\"\";s:4:\"file\";s:20:\"26865df8b38a9de2.jpg\";s:4:\"time\";s:5:\"12:25\";}i:2;a:3:{s:4:\"text\";s:0:\"\";s:4:\"file\";s:20:\"55565df8b38a9efd.jpg\";s:4:\"time\";s:5:\"12:32\";}i:3;a:3:{s:4:\"text\";s:0:\"\";s:4:\"file\";s:20:\"69165df8b38a9f98.jpg\";s:4:\"time\";s:5:\"12:38\";}i:4;a:3:{s:4:\"text\";s:0:\"\";s:4:\"file\";s:20:\"97065df8b38a9ff7.jpg\";s:4:\"time\";s:5:\"12:41\";}i:5;a:3:{s:4:\"text\";s:1:\"3\";s:4:\"file\";s:0:\"\";s:4:\"time\";s:5:\"12:46\";}i:6;a:3:{s:4:\"text\";s:0:\"\";s:4:\"file\";s:20:\"14765e01e1106720.jpg\";s:4:\"time\";s:5:\"12:49\";}i:7;a:3:{s:4:\"text\";s:27:\"Второй перевод\";s:4:\"file\";s:20:\"45865e01e1106829.jpg\";s:4:\"time\";s:5:\"12:57\";}i:8;a:3:{s:4:\"text\";s:102:\"Пришли)) я посчитал всё чётко\r\n2890*1.2=3468\r\n1590*1.2=1908\r\n1908+3468+272=5468\";s:4:\"file\";s:20:\"35865e01e110689f.jpg\";s:4:\"time\";s:5:\"13:25\";}i:9;a:3:{s:4:\"text\";s:12:\"Хорошо\";s:4:\"file\";s:0:\"\";s:4:\"time\";s:5:\"12:27\";}i:10;a:3:{s:4:\"text\";s:68:\"Хорошо, я хочу ещё поработать сегодня\";s:4:\"file\";s:0:\"\";s:4:\"time\";s:5:\"13:29\";}}'),
	(42,41,'Дневной чат начинается в 12:02','a:9:{i:0;a:3:{s:4:\"text\";s:11:\"1 я тут\";s:4:\"file\";s:0:\"\";s:4:\"time\";s:5:\"12:05\";}i:1;a:3:{s:4:\"text\";s:0:\"\";s:4:\"file\";s:20:\"38265df8ace7bd21.jpg\";s:4:\"time\";s:5:\"12:22\";}i:2;a:3:{s:4:\"text\";s:0:\"\";s:4:\"file\";s:20:\"30665df8ace7be36.jpg\";s:4:\"time\";s:5:\"12:34\";}i:3;a:3:{s:4:\"text\";s:0:\"\";s:4:\"file\";s:20:\"54065df8ace7be8d.jpg\";s:4:\"time\";s:5:\"12:36\";}i:4;a:3:{s:4:\"text\";s:0:\"\";s:4:\"file\";s:20:\"50365df8ace7bee3.jpg\";s:4:\"time\";s:5:\"12:44\";}i:5;a:3:{s:4:\"text\";s:1:\"2\";s:4:\"file\";s:0:\"\";s:4:\"time\";s:5:\"12:52\";}i:6;a:3:{s:4:\"text\";s:0:\"\";s:4:\"file\";s:20:\"57865e01d93afe63.jpg\";s:4:\"time\";s:5:\"13:05\";}i:7;a:3:{s:4:\"text\";s:42:\"Второй заказа оплатила\";s:4:\"file\";s:20:\"60465e01d93aff6f.jpg\";s:4:\"time\";s:5:\"13:10\";}i:8;a:3:{s:4:\"text\";s:99:\"выплата пришла!\r\n1690*1.2=2028\r\n1050*1.25=1312\r\n2028+1312+272=3612р Всё верно\";s:4:\"file\";s:20:\"60565e01d93affe3.jpg\";s:4:\"time\";s:5:\"13:15\";}}'),
	(43,37,'Дневной чат начинается в 12:02','a:10:{i:0;a:3:{s:4:\"text\";s:1:\"1\";s:4:\"file\";s:0:\"\";s:4:\"time\";s:5:\"12:05\";}i:1;a:3:{s:4:\"text\";s:0:\"\";s:4:\"file\";s:20:\"91965df8a440a9b3.jpg\";s:4:\"time\";s:5:\"12:22\";}i:2;a:3:{s:4:\"text\";s:0:\"\";s:4:\"file\";s:20:\"50865df8a440aa96.jpg\";s:4:\"time\";s:5:\"12:33\";}i:3;a:3:{s:4:\"text\";s:0:\"\";s:4:\"file\";s:20:\"61965df8a440ab06.jpg\";s:4:\"time\";s:5:\"12:37\";}i:4;a:3:{s:4:\"text\";s:0:\"\";s:4:\"file\";s:20:\"85065df8a440ab77.jpg\";s:4:\"time\";s:5:\"12:42\";}i:5;a:3:{s:4:\"text\";s:1:\"5\";s:4:\"file\";s:0:\"\";s:4:\"time\";s:5:\"12:47\";}i:6;a:3:{s:4:\"text\";s:14:\"Перевёл\";s:4:\"file\";s:20:\"45865e01d1830696.jpg\";s:4:\"time\";s:5:\"12:52\";}i:7;a:3:{s:4:\"text\";s:34:\"Получил зп спасибо\";s:4:\"file\";s:20:\"61865e01d18307b3.jpg\";s:4:\"time\";s:5:\"13:03\";}i:8;a:3:{s:4:\"text\";s:27:\"Ожидаю задание\";s:4:\"file\";s:0:\"\";s:4:\"time\";s:5:\"12:28\";}i:9;a:3:{s:4:\"text\";s:39:\"очень жду ещё заданий\";s:4:\"file\";s:0:\"\";s:4:\"time\";s:5:\"13:32\";}}'),
	(44,60,'Вип чат начинается в 14:01','a:24:{i:0;a:3:{s:4:\"text\";s:529:\"Добрый день всем! Я Веду эту группу на сегодняшнее задание, назначенное продавцами, меня зовут Джулия. И поскольку продавец находится в процессе выпуска большого количества новых предметов, сегодняшнее задание будет выпущено примерно в 14:15 по Москве, так что пожалуйста подождите немного.\";s:4:\"file\";s:0:\"\";s:4:\"time\";s:5:\"14:01\";}i:1;a:3:{s:4:\"text\";s:460:\"В связи с ограниченным количеством рабочих заданий, распределяемых продавцами, каждая группа рассчитана максимум на 8 участников. Рабочие задания начнутся через 10 минут, поэтому будьте готовы! Отправьте в группе (1), и я посчитаю количество участников!\";s:4:\"file\";s:0:\"\";s:4:\"time\";s:5:\"14:05\";}i:2;a:3:{s:4:\"text\";s:718:\"Сегодняшнее задача - помочь продавцу увеличить количество просмотров и заказов на его продукцию. Сегодняшнее объявление предназначено для комбинации задач, одна задача содержит несколько более мелких задач. Продавец будет платить один раз за каждую выполненную комбинацию задач. Вознаграждение за работу составляет от 3 000р до 50 000 рублей, чем больше работы вы делаете, тем больше вам платят.\";s:4:\"file\";s:0:\"\";s:4:\"time\";s:5:\"14:11\";}i:3;a:3:{s:4:\"text\";s:341:\"Сегодня начинается первое комбинированное задание дня. Это комбинация задач, содержащая несколько более мелких задач, и продавец заплатит вам один раз за каждую выполненную комбинацию.\";s:4:\"file\";s:0:\"\";s:4:\"time\";s:5:\"14:12\";}i:4;a:3:{s:4:\"text\";s:717:\"[Комбинированное задание 1] \r\nЗадача 1  \r\nВремя начала выполнение задания: 14:15 Время окончания: 14:20 \r\nВознаграждение за задание: 200 рублей.\r\nПомочь товарам продавцов увеличить количество просмотров и лайков на товарах. \r\n\r\nНажмите на ссылку ниже, чтобы принять участие, помогите продавцу, поставьте лайк на товаре. Сделайте скриншот и отправьте его в группу.\r\nhttps://kazanexpress.ru/product/gillettee-fusion5-muzhskaya-2072568\";s:4:\"file\";s:0:\"\";s:4:\"time\";s:5:\"14:15\";}i:5;a:3:{s:4:\"text\";s:241:\"Из-за большого количества участников, товаров продавца не было в наличии, и у некоторых не было возможности нажать на кнопку сердца.\";s:4:\"file\";s:0:\"\";s:4:\"time\";s:5:\"14:21\";}i:6;a:3:{s:4:\"text\";s:77:\"Пожалуйста подождите следующего задания. \";s:4:\"file\";s:0:\"\";s:4:\"time\";s:5:\"14:22\";}i:7;a:3:{s:4:\"text\";s:670:\"[Комбинированное задание 1]\r\nЗадача 1\r\nПомочь товарам продавцов увеличить количество просмотров.\r\nВремя начала выполнение задания: 14:25\r\nВремя окончания: 14:30\r\nВознаграждение за задание: 200 рублей.\r\n\r\nНажмите на ссылку ниже, чтобы принять участие, помогите продавцу, поставьте лайк на товаре.\r\nСделайте скриншот и отправьте его в группу.  https://kazanexpress.ru/product/igrovoj-kompyuter-basepro-1434443\";s:4:\"file\";s:0:\"\";s:4:\"time\";s:5:\"14:25\";}i:8;a:3:{s:4:\"text\";s:663:\"[Комбинированное задание 1]\r\nЗадача 2\r\nПомочь увеличить количество просмотров на товары продавца.\r\nВремя начала выполнение задания: 14:30\r\nВремя окончания: 14:35\r\nВознаграждение за задание: 200 рублей.\r\n\r\nНажмите на ссылку ниже, чтобы принять участие, помогите продавцу, поставьте лайк на товаре. Сделайте скриншот и отправьте его в группу.\r\nhttps://kazanexpress.ru/product/monitor-xiaomi-redmi-2039330\";s:4:\"file\";s:0:\"\";s:4:\"time\";s:5:\"14:30\";}i:9;a:3:{s:4:\"text\";s:698:\"[Комбинированное задание 1]\r\nЗадача 3\r\nПомочь продавцам увеличить количество просмотров и лайков на их товары.\r\nВремя начала выполнение задания: 14:35\r\nВремя окончания: 14:40\r\nВознаграждение за задание: 200 рублей.\r\n\r\nНажмите на ссылку ниже, чтобы принять участие, помогите продавцу, поставьте лайк на товаре. Сделайте скриншот и отправьте его в группу.\r\nhttps://kazanexpress.ru/product/smartfon-tecno-spark-10-pro-8256-2211811\";s:4:\"file\";s:0:\"\";s:4:\"time\";s:5:\"14:35\";}i:10;a:3:{s:4:\"text\";s:2826:\"[Комбинированное задание 1]\r\n[Выплата заработной платы начинается после завершения задания]\r\nЗадание 4\r\nПомогите продавцам увеличить количество заказов на их товары.\r\nВремя начала выполнение задания: 14:40\r\nВремя окончания: 16:40 \r\nШаг 1: Выберите одну из задач заказа\r\nШаг 2: Обратитесь к своему бизнес-менеджеру\r\nШаг 3: Отправьте скриншот пополнения вашего счёта в группу и я подсчитаю их, чтобы продавец мог проверить счёт.\r\n\r\nСистема случайным образом назначит 1-3 заказа на это задание, не бросайте его на середине, иначе вам не заплатят. После выполнения этого задания ваша зарплата будет выплачена вместе с вышесказанными 4 заданиями.\r\n\r\nЗаказ 1 Выкуп товара 2 770 рублей\r\nВаша прибыль 3 324 рублей\r\n\r\nЗаказ 2 Выкуп товара 4 050 рублей\r\nВаша прибыль 4 860 рублей\r\n\r\nЗаказ 3 Выкуп товара 7 730 рублей\r\nВаша прибыль 13 250 рублей\r\n\r\nЗаказ 4 Выкуп товара 13 250 рублей\r\nВаша прибыль 15 900 рублей\r\n\r\nЗаказ 5 Выкуп товара 19 950 рублей\r\nВаша прибыль 23 940 рублей\r\n\r\nЗаказ 6 Выкуп товара 39 770 рублей\r\nВаша прибыль 47 724 рублей\r\n\r\nЗаказ 7 Выкуп товара 56 730 рублей\r\nВаша прибыль 68 076 рублей\r\n\r\nЗаказ 8 Выкуп товара 76 650 рублей\r\nВаша прибыль 91 980 рублей\r\n\r\nЗаказ 9 Выкуп товара 98 770 рублей\r\nВаша прибыль 118 524 рублей\r\n\r\nЗаказ 10 Выкуп товара 158 870 рублей\r\nВаша прибыль 190 644 рублей\r\n\r\nЗа это задание по выкупу можно получить комиссионные в размере до 20-30%. Чем выше цена, тем лучше вознагрождение. Вы можете выбрать номер заказа из предложенных выше вариантов, найти своего менеджера по приёму и получить оплату на свою банковскую карту по завершению! Человек который пригласил вас в группу, является вашим менеджером по приёму.\";s:4:\"file\";s:0:\"\";s:4:\"time\";s:5:\"14:40\";}i:11;a:3:{s:4:\"text\";s:703:\"Вы будете получать зарплату за каждую выполненную вами работу на неполный рабочий день. Если вам не заплатят за выполненную  работу, наша компания возместит вам ущерб в полном объёме!\r\n\r\nПосле выбора номера заказа, пожалуйста свяжитесь с вашим бизнес-менеджером для завершения процесса выкупа. Это задание будет оплачено вместе с вышеуказанным заданием «Любовь» после его выполнения.\";s:4:\"file\";s:0:\"\";s:4:\"time\";s:5:\"14:42\";}i:12;a:3:{s:4:\"text\";s:277:\"Если вы завершили оплату, пожалуйста сделайте скриншот вашего счёта и отправьте его в группу, продавец проверит ваш счёт и рассчитает для вас зарплату.\";s:4:\"file\";s:0:\"\";s:4:\"time\";s:5:\"14:46\";}i:13;a:3:{s:4:\"text\";s:1781:\"Как только оплата будет произведена, пожалуйста сделайте скриншот и поделитесь им в группе, и продавец рассчитает оплату для вас. Продавец выплатит всю заработную плату за данную комбинацию заданий после завершения задания.\r\n\r\nОдин счастливый участник получит сегодня дополнительный бонус.\r\nВознаграждение:\r\nПри выборе заказа №1\r\nВознаграждение: 10 000 рублей.\r\nПри выборе заказа №2\r\nВознаграждение: 20 000 рублей.\r\nПри выборе заказа №3\r\nВознаграждение: 30 000 рублей.\r\nПри выборе заказа №4\r\nВознаграждение: 40 000 рублей.\r\nПри выборе заказа №5\r\nВознаграждение: 50 000 рублей.\r\nПри выборе заказа №6\r\nВознаграждение: 60 000 рублей.\r\nПри выборе заказа №7\r\nВознаграждение: 70 000 рублей.\r\nПри выборе заказа №8\r\nВознаграждение: 80 000 рублей.\r\nПри выборе заказа №9\r\nВознаграждение: 90 000 рублей.\r\nПри выборе заказа №10\r\nВознаграждение: 100 000 рублей.\r\nСумма вознаграждения может быть использована для выкупа товаров.\r\nДопустим, вы выбрали заказ 1, 10 000 + сумма заказа. Затем выполните задачу выкупа товара на ту же сумму.\";s:4:\"file\";s:0:\"\";s:4:\"time\";s:5:\"14:47\";}i:14;a:3:{s:4:\"text\";s:316:\"Задача этой миссии по выкупу - помочь продавцу приобрести товар. После успешной покупки торговый центр забирает купленный вами товар, а вам выплачивает 20%-30% от суммы товара!\";s:4:\"file\";s:0:\"\";s:4:\"time\";s:5:\"14:57\";}i:15;a:3:{s:4:\"text\";s:412:\"Как только оплата будет произведена, пожалуйста сделайте скриншот и поделитесь им в группе, и продавец рассчитает оплату для вас. Продавец выплатит всю заработную плату за данную комбинацию заданий после завершения задания.\";s:4:\"file\";s:0:\"\";s:4:\"time\";s:5:\"15:05\";}i:16;a:3:{s:4:\"text\";s:333:\"Поздравляем всех, кто выполнил это задание и получил зарплату.  Если вы ещё не выполнили задание, пожалуйста, свяжитесь с вашим бизнес-менеджером, чтобы сделать это как можно скорее.\";s:4:\"file\";s:0:\"\";s:4:\"time\";s:5:\"15:09\";}i:17;a:3:{s:4:\"text\";s:87:\"Поздравляю вас всех и продолжайте в том же духе.\";s:4:\"file\";s:0:\"\";s:4:\"time\";s:5:\"15:21\";}i:18;a:3:{s:4:\"text\";s:357:\"Те, кто не завершил ещё работу по выкупу, могут связаться с менеджером, пригласившим вас в группу. Когда работа по выкупу будет завершена, продавец переведёт всю зарплату на вашу банковскую карту!\";s:4:\"file\";s:0:\"\";s:4:\"time\";s:5:\"15:28\";}i:19;a:3:{s:4:\"text\";s:135:\"Поздравляю, всех с выполнением рабочих заданий, продолжайте в том же духе!\";s:4:\"file\";s:0:\"\";s:4:\"time\";s:5:\"15:44\";}i:20;a:3:{s:4:\"text\";s:72:\"Новые работы начнутся завтра в 10:20 утра.\";s:4:\"file\";s:0:\"\";s:4:\"time\";s:5:\"15:53\";}i:21;a:3:{s:4:\"text\";s:357:\"Те, кто ещё не завершил работу по выкупу, могут связаться с менеджером, пригласившим вас в группу. Когда работа по выкупу будет завершена, продавец переведёт всю зарплату на вашу банковскую карту!\";s:4:\"file\";s:0:\"\";s:4:\"time\";s:5:\"15:58\";}i:22;a:3:{s:4:\"text\";s:513:\"Сегодняшняя работа подходит к концу. Чтобы не беспокоить вас, группа будет закрыта и работа на сегодня прекратится в 21:00 по Московскому времени. Если вы хотите продолжить завтра, пожалуйста, попросите вашего менеджера повторно пригласить вас в VIP PREMIUM группу. Наслаждайтесь жизнью!\";s:4:\"file\";s:0:\"\";s:4:\"time\";s:5:\"16:20\";}i:23;a:3:{s:4:\"text\";s:135:\"Поздравляю, всех с выполнением рабочих заданий, продолжайте в том же духе!\";s:4:\"file\";s:0:\"\";s:4:\"time\";s:5:\"15:04\";}}'),
	(45,64,'Вип чат начинается в 14:01','a:12:{i:0;a:3:{s:4:\"text\";s:25:\"Ок, буду ждать\";s:4:\"file\";s:0:\"\";s:4:\"time\";s:5:\"14:02\";}i:1;a:3:{s:4:\"text\";s:1:\"1\";s:4:\"file\";s:0:\"\";s:4:\"time\";s:5:\"14:06\";}i:2;a:3:{s:4:\"text\";s:0:\"\";s:4:\"file\";s:20:\"34465df8a790e7de.jpg\";s:4:\"time\";s:5:\"14:17\";}i:3;a:3:{s:4:\"text\";s:0:\"\";s:4:\"file\";s:20:\"94265df8a790e90f.jpg\";s:4:\"time\";s:5:\"14:27\";}i:4;a:3:{s:4:\"text\";s:0:\"\";s:4:\"file\";s:20:\"67565df8a790e97d.jpg\";s:4:\"time\";s:5:\"14:31\";}i:5;a:3:{s:4:\"text\";s:0:\"\";s:4:\"file\";s:20:\"18765df8a790e9ed.jpg\";s:4:\"time\";s:5:\"14:36\";}i:6;a:3:{s:4:\"text\";s:48:\"Это тоже самое что и вчера?\";s:4:\"file\";s:0:\"\";s:4:\"time\";s:5:\"14:42\";}i:7;a:3:{s:4:\"text\";s:6:\"4-ый\";s:4:\"file\";s:0:\"\";s:4:\"time\";s:5:\"14:46\";}i:8;a:3:{s:4:\"text\";s:0:\"\";s:4:\"file\";s:20:\"98165e01d426ecee.jpg\";s:4:\"time\";s:5:\"14:52\";}i:9;a:3:{s:4:\"text\";s:40:\"Оплата второго заказа\";s:4:\"file\";s:20:\"65165e01d426ee68.jpg\";s:4:\"time\";s:5:\"15:23\";}i:10;a:3:{s:4:\"text\";s:60:\"Получил последний заказ, оплатил\";s:4:\"file\";s:20:\"19065e01d426ef26.jpg\";s:4:\"time\";s:5:\"15:40\";}i:11;a:3:{s:4:\"text\";s:64:\"121248*1.2+600=146097р спасибо всё правильно\";s:4:\"file\";s:20:\"18865e01d426efb8.jpg\";s:4:\"time\";s:5:\"15:47\";}}'),
	(46,65,'Вип чат начинается в 14:01','a:9:{i:0;a:3:{s:4:\"text\";s:12:\"Хорошо\";s:4:\"file\";s:0:\"\";s:4:\"time\";s:5:\"14:02\";}i:1;a:3:{s:4:\"text\";s:1:\"1\";s:4:\"file\";s:0:\"\";s:4:\"time\";s:5:\"14:06\";}i:2;a:3:{s:4:\"text\";s:0:\"\";s:4:\"file\";s:20:\"30665df8af215588.jpg\";s:4:\"time\";s:5:\"14:16\";}i:3;a:3:{s:4:\"text\";s:0:\"\";s:4:\"file\";s:20:\"11965df8af21568f.jpg\";s:4:\"time\";s:5:\"14:26\";}i:4;a:3:{s:4:\"text\";s:0:\"\";s:4:\"file\";s:20:\"50465df8af2156f4.jpg\";s:4:\"time\";s:5:\"14:34\";}i:5;a:3:{s:4:\"text\";s:0:\"\";s:4:\"file\";s:20:\"14065df8af215757.jpg\";s:4:\"time\";s:5:\"14:38\";}i:6;a:3:{s:4:\"text\";s:16:\"выбрала 7\";s:4:\"file\";s:0:\"\";s:4:\"time\";s:5:\"14:44\";}i:7;a:3:{s:4:\"text\";s:0:\"\";s:4:\"file\";s:20:\"98665e01da8c9c34.jpg\";s:4:\"time\";s:5:\"14:48\";}i:8;a:3:{s:4:\"text\";s:92:\"Все деньги были возвращены, спасибо😘 56730*1.2+600=68 676р\";s:4:\"file\";s:20:\"98565e01da8c9d1d.jpg\";s:4:\"time\";s:5:\"15:03\";}}'),
	(47,70,'Вип чат начинается в 14:01','a:9:{i:0;a:3:{s:4:\"text\";s:44:\"Будет ли сегодня работа?\";s:4:\"file\";s:0:\"\";s:4:\"time\";s:5:\"14:03\";}i:1;a:3:{s:4:\"text\";s:1:\"1\";s:4:\"file\";s:0:\"\";s:4:\"time\";s:5:\"14:07\";}i:2;a:3:{s:4:\"text\";s:0:\"\";s:4:\"file\";s:20:\"55165df8b5d708d6.jpg\";s:4:\"time\";s:5:\"14:19\";}i:3;a:3:{s:4:\"text\";s:0:\"\";s:4:\"file\";s:20:\"65965df8b5d70a23.jpg\";s:4:\"time\";s:5:\"14:28\";}i:4;a:3:{s:4:\"text\";s:0:\"\";s:4:\"file\";s:20:\"69565df8b5d70abb.jpg\";s:4:\"time\";s:5:\"14:33\";}i:5;a:3:{s:4:\"text\";s:0:\"\";s:4:\"file\";s:20:\"96965df8b5d70b98.jpg\";s:4:\"time\";s:5:\"14:38\";}i:6;a:3:{s:4:\"text\";s:6:\"9-ый\";s:4:\"file\";s:0:\"\";s:4:\"time\";s:5:\"14:48\";}i:7;a:3:{s:4:\"text\";s:0:\"\";s:4:\"file\";s:20:\"90365e01e2d36b9f.jpg\";s:4:\"time\";s:5:\"14:59\";}i:8;a:3:{s:4:\"text\";s:35:\"Деньги вернулись💋\";s:4:\"file\";s:20:\"61965e01e2d36d03.jpg\";s:4:\"time\";s:5:\"15:12\";}}'),
	(48,71,'Вип чат начинается в 14:01','a:10:{i:0;a:3:{s:4:\"text\";s:1:\"1\";s:4:\"file\";s:0:\"\";s:4:\"time\";s:5:\"14:08\";}i:1;a:3:{s:4:\"text\";s:56:\"не получается нажать на сердце\";s:4:\"file\";s:0:\"\";s:4:\"time\";s:5:\"14:16\";}i:2;a:3:{s:4:\"text\";s:33:\"хорошо, буду ждать\";s:4:\"file\";s:0:\"\";s:4:\"time\";s:5:\"14:23\";}i:3;a:3:{s:4:\"text\";s:0:\"\";s:4:\"file\";s:20:\"56365df8be11d153.jpg\";s:4:\"time\";s:5:\"14:27\";}i:4;a:3:{s:4:\"text\";s:0:\"\";s:4:\"file\";s:20:\"61465df8be11d27d.jpg\";s:4:\"time\";s:5:\"14:32\";}i:5;a:3:{s:4:\"text\";s:0:\"\";s:4:\"file\";s:20:\"93765df8be11d2e4.jpg\";s:4:\"time\";s:5:\"14:37\";}i:6;a:3:{s:4:\"text\";s:45:\"да вчера было то же самое\";s:4:\"file\";s:0:\"\";s:4:\"time\";s:5:\"14:43\";}i:7;a:3:{s:4:\"text\";s:12:\"шестой\";s:4:\"file\";s:0:\"\";s:4:\"time\";s:5:\"14:41\";}i:8;a:3:{s:4:\"text\";s:0:\"\";s:4:\"file\";s:20:\"94865e01e8db4cbc.jpg\";s:4:\"time\";s:5:\"14:55\";}i:9;a:3:{s:4:\"text\";s:31:\"деньги выплатили\";s:4:\"file\";s:20:\"26165e01e8db4e2f.jpg\";s:4:\"time\";s:5:\"15:05\";}}'),
	(49,72,'Вип чат начинается в 14:01','a:9:{i:0;a:3:{s:4:\"text\";s:1:\"1\";s:4:\"file\";s:0:\"\";s:4:\"time\";s:5:\"14:09\";}i:1;a:3:{s:4:\"text\";s:0:\"\";s:4:\"file\";s:20:\"67465df8c6b946cb.jpg\";s:4:\"time\";s:5:\"14:17\";}i:2;a:3:{s:4:\"text\";s:0:\"\";s:4:\"file\";s:20:\"14565df8c6b94813.jpg\";s:4:\"time\";s:5:\"14:28\";}i:3;a:3:{s:4:\"text\";s:0:\"\";s:4:\"file\";s:20:\"35365df8c6b94891.jpg\";s:4:\"time\";s:5:\"14:32\";}i:4;a:3:{s:4:\"text\";s:0:\"\";s:4:\"file\";s:20:\"20465df8c6b9494d.jpg\";s:4:\"time\";s:5:\"14:39\";}i:5;a:3:{s:4:\"text\";s:21:\"Пятый заказ\";s:4:\"file\";s:0:\"\";s:4:\"time\";s:5:\"14:49\";}i:6;a:3:{s:4:\"text\";s:0:\"\";s:4:\"file\";s:20:\"87165e01f03a5622.jpg\";s:4:\"time\";s:5:\"14:58\";}i:7;a:3:{s:4:\"text\";s:70:\"Пришла зп, а сегодня будут ещё задания?\";s:4:\"file\";s:20:\"52865e01f03a574e.jpg\";s:4:\"time\";s:5:\"15:07\";}i:8;a:3:{s:4:\"text\";s:59:\"Тоже интересно есть задания ещё?\";s:4:\"file\";s:0:\"\";s:4:\"time\";s:5:\"15:51\";}}'),
	(50,73,'Вип чат начинается в 14:01','a:11:{i:0;a:3:{s:4:\"text\";s:8:\"1 жду\";s:4:\"file\";s:0:\"\";s:4:\"time\";s:5:\"14:10\";}i:1;a:3:{s:4:\"text\";s:109:\"У меня тоже не получается сердце нажать. пишет нет в наличии\";s:4:\"file\";s:0:\"\";s:4:\"time\";s:5:\"14:19\";}i:2;a:3:{s:4:\"text\";s:0:\"\";s:4:\"file\";s:20:\"94565df8cd60e4c8.jpg\";s:4:\"time\";s:5:\"14:26\";}i:3;a:3:{s:4:\"text\";s:0:\"\";s:4:\"file\";s:20:\"31965df8cd60e5dd.jpg\";s:4:\"time\";s:5:\"14:33\";}i:4;a:3:{s:4:\"text\";s:0:\"\";s:4:\"file\";s:20:\"47865df8cd60e646.jpg\";s:4:\"time\";s:5:\"14:37\";}i:5;a:3:{s:4:\"text\";s:28:\"Выбираю 10 заказ\";s:4:\"file\";s:0:\"\";s:4:\"time\";s:5:\"14:43\";}i:6;a:3:{s:4:\"text\";s:0:\"\";s:4:\"file\";s:20:\"71365e01f769f8e1.jpg\";s:4:\"time\";s:5:\"14:47\";}i:7;a:3:{s:4:\"text\";s:38:\"2-ое задание оплачено\";s:4:\"file\";s:20:\"60465e01f769fa23.jpg\";s:4:\"time\";s:5:\"15:11\";}i:8;a:3:{s:4:\"text\";s:78:\"третий заказ оплачен, пришлось взять ссуду\";s:4:\"file\";s:20:\"78865e01f769fb13.jpg\";s:4:\"time\";s:5:\"15:30\";}i:9;a:3:{s:4:\"text\";s:227:\"Всё приходит, давайте поблагодарим Бога за такую возможность 😌\r\n360850*1.25=451062\r\n198770*1.25=248462\r\n158870*1.20=190644\r\n451062+248462+190644=890 168р всё верно\";s:4:\"file\";s:20:\"79765e01f769fb9c.jpg\";s:4:\"time\";s:5:\"15:38\";}i:10;a:3:{s:4:\"text\";s:89:\"Есть ли другие задания или я свободен на сегодня?\";s:4:\"file\";s:0:\"\";s:4:\"time\";s:5:\"15:50\";}}'),
	(51,74,'Вип чат начинается в 14:01','a:9:{i:0;a:3:{s:4:\"text\";s:17:\"я здесь (1)\";s:4:\"file\";s:0:\"\";s:4:\"time\";s:5:\"14:07\";}i:1;a:3:{s:4:\"text\";s:0:\"\";s:4:\"file\";s:20:\"39665df8d46d302b.jpg\";s:4:\"time\";s:5:\"14:20\";}i:2;a:3:{s:4:\"text\";s:94:\"У меня открывалось всё нормально, ну хорошо подожду\";s:4:\"file\";s:0:\"\";s:4:\"time\";s:5:\"14:23\";}i:3;a:3:{s:4:\"text\";s:0:\"\";s:4:\"file\";s:20:\"43265df8d46d3155.jpg\";s:4:\"time\";s:5:\"14:29\";}i:4;a:3:{s:4:\"text\";s:0:\"\";s:4:\"file\";s:20:\"79865df8d46d31dc.jpg\";s:4:\"time\";s:5:\"14:31\";}i:5;a:3:{s:4:\"text\";s:0:\"\";s:4:\"file\";s:20:\"60065df8d46d324f.jpg\";s:4:\"time\";s:5:\"14:36\";}i:6;a:3:{s:4:\"text\";s:12:\"Заказ 8\";s:4:\"file\";s:0:\"\";s:4:\"time\";s:5:\"14:53\";}i:7;a:3:{s:4:\"text\";s:198:\"Перевела! Простите что долго, приостанавливали перевод. Пришлось дополнительно подтвердить позвонив в банк\";s:4:\"file\";s:20:\"55265e01fc1707b4.jpg\";s:4:\"time\";s:5:\"15:02\";}i:8;a:3:{s:4:\"text\";s:91:\"спасибо менеджеру за терпение, деньги пришли 🥰😘\";s:4:\"file\";s:20:\"46965e01fc1708c8.jpg\";s:4:\"time\";s:5:\"15:13\";}}');




